{"id":401930,"date":"2026-03-08T05:35:32","date_gmt":"2026-03-08T04:35:32","guid":{"rendered":"https:\/\/grupotextil.es\/producto\/mono-de-trabajo-lite\/"},"modified":"2026-03-08T05:35:32","modified_gmt":"2026-03-08T04:35:32","slug":"mono-de-trabajo-lite","status":"publish","type":"product","link":"https:\/\/grupotextil.es\/ca\/product\/mono-de-trabajo-lite\/","title":{"rendered":"Overall de trabajo Lite"},"content":{"rendered":"<ul>\n<li>200 g\/m\u00b2<\/li>\n<li>80% poli\u00e9ster, 20% algod\u00f3n (sarga)<\/li>\n<li>Ligero y sin forro<\/li>\n<li>Repele el agua, resistente al viento<\/li>\n<li>Transpirable<\/li>\n<li>Cuello alto<\/li>\n<li>Cremallera entera con solapa<\/li>\n<li>Pu\u00f1os con corchetes<\/li>\n<li>Bolsillos con detalle reflectante<\/li>\n<li>Anilla en forma de D<\/li>\n<li>Cintura el\u00e1stica<\/li>\n<li>Prenda muy resistente<\/li>\n<li>Corte c\u00f3modo<\/li>\n<\/ul>","protected":false},"excerpt":{"rendered":"<p>200 g\/m\u00b280% poli\u00e9ster, 20% algod\u00f3n (sarga)Ligero y sin forroRepele el agua, resistente al vientoTranspirableCuello altoCremallera entera con solapaPu\u00f1os con corchetesBolsillos con detalle reflectanteA<\/p>","protected":false},"featured_media":427811,"comment_status":"open","ping_status":"closed","template":"","meta":{"_acf_changed":false},"product_brand":[11669],"product_cat":[13954],"product_tag":[],"class_list":{"0":"post-401930","1":"product","2":"type-product","3":"status-publish","4":"has-post-thumbnail","6":"product_brand-result","7":"product_cat-acc-bolsas-y-mochilas","8":"tm-no-options","10":"first","11":"instock","12":"taxable","13":"shipping-taxable","14":"product-type-variable"},"acf":[],"_links":{"self":[{"href":"https:\/\/grupotextil.es\/ca\/wp-json\/wp\/v2\/product\/401930","targetHints":{"allow":["GET"]}}],"collection":[{"href":"https:\/\/grupotextil.es\/ca\/wp-json\/wp\/v2\/product"}],"about":[{"href":"https:\/\/grupotextil.es\/ca\/wp-json\/wp\/v2\/types\/product"}],"replies":[{"embeddable":true,"href":"https:\/\/grupotextil.es\/ca\/wp-json\/wp\/v2\/comments?post=401930"}],"wp:featuredmedia":[{"embeddable":true,"href":"https:\/\/grupotextil.es\/ca\/wp-json\/wp\/v2\/media\/427811"}],"wp:attachment":[{"href":"https:\/\/grupotextil.es\/ca\/wp-json\/wp\/v2\/media?parent=401930"}],"wp:term":[{"taxonomy":"product_brand","embeddable":true,"href":"https:\/\/grupotextil.es\/ca\/wp-json\/wp\/v2\/product_brand?post=401930"},{"taxonomy":"product_cat","embeddable":true,"href":"https:\/\/grupotextil.es\/ca\/wp-json\/wp\/v2\/product_cat?post=401930"},{"taxonomy":"product_tag","embeddable":true,"href":"https:\/\/grupotextil.es\/ca\/wp-json\/wp\/v2\/product_tag?post=401930"}],"curies":[{"name":"wp","href":"https:\/\/api.w.org\/{rel}","templated":true}]}}

<ul>
<li>200 g/m²</li>
<li>80% poliéster, 20% algodón (sarga)</li>
<li>Ligero y sin forro</li>
<li>Repele el agua, resistente al viento</li>
<li>Transpirable</li>
<li>Cuello alto</li>
<li>Cremallera entera con solapa</li>
<li>Puños con corchetes</li>
<li>Bolsillos con detalle reflectante</li>
<li>Anilla en forma de D</li>
<li>Cintura elástica</li>
<li>Prenda muy resistente</li>
<li>Corte cómodo</li>
</ul>

<p>200 g/m²80% poliéster, 20% algodón (sarga)Ligero y sin forroRepele el agua, resistente al vientoTranspirableCuello altoCremallera entera con solapaPuños con corchetesBolsillos con detalle reflectanteA</p>
