{"id":402055,"date":"2026-03-08T05:35:53","date_gmt":"2026-03-08T04:35:53","guid":{"rendered":"https:\/\/grupotextil.es\/producto\/bolsa-multideporte\/"},"modified":"2026-03-08T05:35:53","modified_gmt":"2026-03-08T04:35:53","slug":"bolsa-multideporte","status":"publish","type":"product","link":"https:\/\/grupotextil.es\/ca\/product\/bolsa-multideporte\/","title":{"rendered":"Bag multideporte"},"content":{"rendered":"<ul>\n<li>100% Poli\u00e9ster (Reciclado, 900D)<\/li>\n<li>Asas de mano<\/li>\n<li>Correa de hombro ajustable y desmontable<\/li>\n<li>Compartimento principal con apertura con cremallera de 2 v\u00edas para f\u00e1cil acceso<\/li>\n<li>Bolsillo delantero y bolsillo trasero con cremallera<\/li>\n<li>Bolsillo lateral de malla el\u00e1stica<\/li>\n<li>Bolsillo exclusivo para raquetas, apto para raquetas de hasta aprox. 23cm de ancho<\/li>\n<li>Funda para palo de hockey con retenedor el\u00e1stico<\/li>\n<li>T\u00fanel para zapatos\/bolsillo h\u00famedo<\/li>\n<li>etiqueta extra\u00edble para facilitar el cambio de marca<\/li>\n<li>Capacidad: 26 Litros<\/li>\n<li>Dimensiones: 51x26x20cm<\/li>\n<li>M\u00e1x. bordado con aro tubular: 15 (bolsillo delantero), 21 (arriba)<\/li>\n<li>M\u00e1x. \u00e1rea de impresi\u00f3n en cm: 34&#215;20 (bolsillo delantero), 46&#215;28 (superior)<\/li>\n<\/ul>","protected":false},"excerpt":{"rendered":"<p>100% Poli\u00e9ster (Reciclado, 900D)Asas de manoCorrea de hombro ajustable y desmontableCompartimento principal con apertura con cremallera de 2 v\u00edas para f\u00e1cil accesoBolsillo delantero y bolsillo tras&#8230;<\/p>","protected":false},"featured_media":427928,"comment_status":"open","ping_status":"closed","template":"","meta":{"_acf_changed":false},"product_brand":[11657],"product_cat":[13954],"product_tag":[],"class_list":{"0":"post-402055","1":"product","2":"type-product","3":"status-publish","4":"has-post-thumbnail","6":"product_brand-quadra","7":"product_cat-acc-bolsas-y-mochilas","8":"tm-no-options","10":"first","11":"instock","12":"taxable","13":"shipping-taxable","14":"product-type-variable"},"acf":[],"_links":{"self":[{"href":"https:\/\/grupotextil.es\/ca\/wp-json\/wp\/v2\/product\/402055","targetHints":{"allow":["GET"]}}],"collection":[{"href":"https:\/\/grupotextil.es\/ca\/wp-json\/wp\/v2\/product"}],"about":[{"href":"https:\/\/grupotextil.es\/ca\/wp-json\/wp\/v2\/types\/product"}],"replies":[{"embeddable":true,"href":"https:\/\/grupotextil.es\/ca\/wp-json\/wp\/v2\/comments?post=402055"}],"wp:featuredmedia":[{"embeddable":true,"href":"https:\/\/grupotextil.es\/ca\/wp-json\/wp\/v2\/media\/427928"}],"wp:attachment":[{"href":"https:\/\/grupotextil.es\/ca\/wp-json\/wp\/v2\/media?parent=402055"}],"wp:term":[{"taxonomy":"product_brand","embeddable":true,"href":"https:\/\/grupotextil.es\/ca\/wp-json\/wp\/v2\/product_brand?post=402055"},{"taxonomy":"product_cat","embeddable":true,"href":"https:\/\/grupotextil.es\/ca\/wp-json\/wp\/v2\/product_cat?post=402055"},{"taxonomy":"product_tag","embeddable":true,"href":"https:\/\/grupotextil.es\/ca\/wp-json\/wp\/v2\/product_tag?post=402055"}],"curies":[{"name":"wp","href":"https:\/\/api.w.org\/{rel}","templated":true}]}}

<ul>
<li>100% Poliéster (Reciclado, 900D)</li>
<li>Asas de mano</li>
<li>Correa de hombro ajustable y desmontable</li>
<li>Compartimento principal con apertura con cremallera de 2 vías para fácil acceso</li>
<li>Bolsillo delantero y bolsillo trasero con cremallera</li>
<li>Bolsillo lateral de malla elástica</li>
<li>Bolsillo exclusivo para raquetas, apto para raquetas de hasta aprox. 23cm de ancho</li>
<li>Funda para palo de hockey con retenedor elástico</li>
<li>Túnel para zapatos/bolsillo húmedo</li>
<li>etiqueta extraíble para facilitar el cambio de marca</li>
<li>Capacidad: 26 Litros</li>
<li>Dimensiones: 51x26x20cm</li>
<li>Máx. bordado con aro tubular: 15 (bolsillo delantero), 21 (arriba)</li>
<li>Máx. área de impresión en cm: 34&#215;20 (bolsillo delantero), 46&#215;28 (superior)</li>
</ul>

<p>100% Poliéster (Reciclado, 900D)Asas de manoCorrea de hombro ajustable y desmontableCompartimento principal con apertura con cremallera de 2 vías para fácil accesoBolsillo delantero y bolsillo tras&#8230;</p>
