{"id":402447,"date":"2026-03-08T05:37:38","date_gmt":"2026-03-08T04:37:38","guid":{"rendered":"https:\/\/grupotextil.es\/producto\/estuche-algodon-ecologico-a-rayas-para-accesorios\/"},"modified":"2026-03-08T05:37:38","modified_gmt":"2026-03-08T04:37:38","slug":"estuche-algodon-ecologico-a-rayas-para-accesorios","status":"publish","type":"product","link":"https:\/\/grupotextil.es\/ca\/product\/estuche-algodon-ecologico-a-rayas-para-accesorios\/","title":{"rendered":"Pencil Case algod\u00f3n ecol\u00f3gico a rayas para accesorios"},"content":{"rendered":"<ul>\n<li>200 g\/m\u00b2<\/li>\n<li>100% Algod\u00f3n (Org\u00e1nico)<\/li>\n<li>hilo te\u00f1ido<\/li>\n<li>Dise\u00f1o a rayas<\/li>\n<li>Multiusos<\/li>\n<li>Cremallera y tirador en Natural<\/li>\n<li>Etiqueta extra\u00edble para facilitar el cambio de marca<\/li>\n<li>Capacidad en Litros: 0,5 (S), 1 (M), 2 (L)<\/li>\n<li>Dimensiones en cm: 11,5&#215;20 (S), 16&#215;22,5 (M), 20&#215;28 (L)<\/li>\n<li>M\u00e1x. bordado con aro tubular: 6 (S), 12 (M), 18 (L)<\/li>\n<li>M\u00e1x. \u00e1rea de impresi\u00f3n en cm: 9&#215;18 (S), 14&#215;20 (M), 18&#215;26 (L)<\/li>\n<\/ul>","protected":false},"excerpt":{"rendered":"<p>200 g\/m\u00b2100% Algod\u00f3n (Org\u00e1nico)hilo te\u00f1idoDise\u00f1o a rayasMultiusosCremallera y tirador en NaturalEtiqueta extra\u00edble para facilitar el cambio de marcaCapacidad en Litros: 0,5 (S), 1 (M), 2 (L)Dimensi&#8230;<\/p>","protected":false},"featured_media":428260,"comment_status":"open","ping_status":"closed","template":"","meta":{"_acf_changed":false},"product_brand":[11680],"product_cat":[13954,13974,13930,13975,13973],"product_tag":[],"class_list":{"0":"post-402447","1":"product","2":"type-product","3":"status-publish","4":"has-post-thumbnail","6":"product_brand-westford-mill","7":"product_cat-acc-bolsas-y-mochilas","8":"product_cat-ropa-hombre","9":"product_cat-laboral","10":"product_cat-ropa-mujer","11":"product_cat-ropa","12":"tm-no-options","14":"first","15":"instock","16":"taxable","17":"shipping-taxable","18":"product-type-variable"},"acf":[],"_links":{"self":[{"href":"https:\/\/grupotextil.es\/ca\/wp-json\/wp\/v2\/product\/402447","targetHints":{"allow":["GET"]}}],"collection":[{"href":"https:\/\/grupotextil.es\/ca\/wp-json\/wp\/v2\/product"}],"about":[{"href":"https:\/\/grupotextil.es\/ca\/wp-json\/wp\/v2\/types\/product"}],"replies":[{"embeddable":true,"href":"https:\/\/grupotextil.es\/ca\/wp-json\/wp\/v2\/comments?post=402447"}],"wp:featuredmedia":[{"embeddable":true,"href":"https:\/\/grupotextil.es\/ca\/wp-json\/wp\/v2\/media\/428260"}],"wp:attachment":[{"href":"https:\/\/grupotextil.es\/ca\/wp-json\/wp\/v2\/media?parent=402447"}],"wp:term":[{"taxonomy":"product_brand","embeddable":true,"href":"https:\/\/grupotextil.es\/ca\/wp-json\/wp\/v2\/product_brand?post=402447"},{"taxonomy":"product_cat","embeddable":true,"href":"https:\/\/grupotextil.es\/ca\/wp-json\/wp\/v2\/product_cat?post=402447"},{"taxonomy":"product_tag","embeddable":true,"href":"https:\/\/grupotextil.es\/ca\/wp-json\/wp\/v2\/product_tag?post=402447"}],"curies":[{"name":"wp","href":"https:\/\/api.w.org\/{rel}","templated":true}]}}

Pencil Case algodón ecológico a rayas para accesorios

<ul>
<li>200 g/m²</li>
<li>100% Algodón (Orgánico)</li>
<li>hilo teñido</li>
<li>Diseño a rayas</li>
<li>Multiusos</li>
<li>Cremallera y tirador en Natural</li>
<li>Etiqueta extraíble para facilitar el cambio de marca</li>
<li>Capacidad en Litros: 0,5 (S), 1 (M), 2 (L)</li>
<li>Dimensiones en cm: 11,5&#215;20 (S), 16&#215;22,5 (M), 20&#215;28 (L)</li>
<li>Máx. bordado con aro tubular: 6 (S), 12 (M), 18 (L)</li>
<li>Máx. área de impresión en cm: 9&#215;18 (S), 14&#215;20 (M), 18&#215;26 (L)</li>
</ul>

<p>200 g/m²100% Algodón (Orgánico)hilo teñidoDiseño a rayasMultiusosCremallera y tirador en NaturalEtiqueta extraíble para facilitar el cambio de marcaCapacidad en Litros: 0,5 (S), 1 (M), 2 (L)Dimensi&#8230;</p>
