{"id":402501,"date":"2026-03-08T05:37:42","date_gmt":"2026-03-08T04:37:42","guid":{"rendered":"https:\/\/grupotextil.es\/producto\/reporter-multibolsillo-modulr-1-litro\/"},"modified":"2026-03-08T05:37:42","modified_gmt":"2026-03-08T04:37:42","slug":"reporter-multibolsillo-modulr-1-litro","status":"publish","type":"product","link":"https:\/\/grupotextil.es\/ca\/product\/reporter-multibolsillo-modulr-1-litro\/","title":{"rendered":"Reporter multibolsillo Modulr\u2122 1 litro"},"content":{"rendered":"<ul>\n<li>100% poli\u00e9ster (600D)<\/li>\n<li>Clips de fijaci\u00f3n r\u00e1pidos y seguros para la integraci\u00f3n de la serie Modulr \u2122, es compatible con BG240 (933.29) y BG242 (935.29)<\/li>\n<li>El innovador sistema de correa desmontable convierte el reporter en bandolera y ri\u00f1onera<\/li>\n<li>Compartimento principal con cremallera<\/li>\n<li>Bolsillo frontal con cremallera y con divisor interno de malla<\/li>\n<li>Etiqueta extra\u00edble para facilitar el rebranding<\/li>\n<li>Capacidad: 1 litro<\/li>\n<li>Medidas: 13 x 19 x 7 cm<\/li>\n<li>Max. bordado: 9 aros tubulares<\/li>\n<li>Max. \u00c1rea de impresi\u00f3n: 9 x 9 cm<\/li>\n<\/ul>","protected":false},"excerpt":{"rendered":"<p>100% poli\u00e9ster (600D)Clips de fijaci\u00f3n r\u00e1pidos y seguros para la integraci\u00f3n de la serie Modulr \u2122, es compatible con BG240 (933.29) y BG242 (935.29)El innovador sistema de correa desmontable convie&#8230;<\/p>","protected":false},"featured_media":428301,"comment_status":"open","ping_status":"closed","template":"","meta":{"_acf_changed":false},"product_brand":[11668],"product_cat":[13954,13974,13930,13975,13973],"product_tag":[],"class_list":{"0":"post-402501","1":"product","2":"type-product","3":"status-publish","4":"has-post-thumbnail","6":"product_brand-bag-base","7":"product_cat-acc-bolsas-y-mochilas","8":"product_cat-ropa-hombre","9":"product_cat-laboral","10":"product_cat-ropa-mujer","11":"product_cat-ropa","12":"tm-no-options","14":"first","15":"instock","16":"taxable","17":"shipping-taxable","18":"product-type-variable"},"acf":[],"_links":{"self":[{"href":"https:\/\/grupotextil.es\/ca\/wp-json\/wp\/v2\/product\/402501","targetHints":{"allow":["GET"]}}],"collection":[{"href":"https:\/\/grupotextil.es\/ca\/wp-json\/wp\/v2\/product"}],"about":[{"href":"https:\/\/grupotextil.es\/ca\/wp-json\/wp\/v2\/types\/product"}],"replies":[{"embeddable":true,"href":"https:\/\/grupotextil.es\/ca\/wp-json\/wp\/v2\/comments?post=402501"}],"wp:featuredmedia":[{"embeddable":true,"href":"https:\/\/grupotextil.es\/ca\/wp-json\/wp\/v2\/media\/428301"}],"wp:attachment":[{"href":"https:\/\/grupotextil.es\/ca\/wp-json\/wp\/v2\/media?parent=402501"}],"wp:term":[{"taxonomy":"product_brand","embeddable":true,"href":"https:\/\/grupotextil.es\/ca\/wp-json\/wp\/v2\/product_brand?post=402501"},{"taxonomy":"product_cat","embeddable":true,"href":"https:\/\/grupotextil.es\/ca\/wp-json\/wp\/v2\/product_cat?post=402501"},{"taxonomy":"product_tag","embeddable":true,"href":"https:\/\/grupotextil.es\/ca\/wp-json\/wp\/v2\/product_tag?post=402501"}],"curies":[{"name":"wp","href":"https:\/\/api.w.org\/{rel}","templated":true}]}}

<ul>
<li>100% poliéster (600D)</li>
<li>Clips de fijación rápidos y seguros para la integración de la serie Modulr ™, es compatible con BG240 (933.29) y BG242 (935.29)</li>
<li>El innovador sistema de correa desmontable convierte el reporter en bandolera y riñonera</li>
<li>Compartimento principal con cremallera</li>
<li>Bolsillo frontal con cremallera y con divisor interno de malla</li>
<li>Etiqueta extraíble para facilitar el rebranding</li>
<li>Capacidad: 1 litro</li>
<li>Medidas: 13 x 19 x 7 cm</li>
<li>Max. bordado: 9 aros tubulares</li>
<li>Max. Área de impresión: 9 x 9 cm</li>
</ul>

<p>100% poliéster (600D)Clips de fijación rápidos y seguros para la integración de la serie Modulr ™, es compatible con BG240 (933.29) y BG242 (935.29)El innovador sistema de correa desmontable convie&#8230;</p>
