{"id":402712,"date":"2026-03-08T05:38:00","date_gmt":"2026-03-08T04:38:00","guid":{"rendered":"https:\/\/grupotextil.es\/producto\/rinonera-reciclado\/"},"modified":"2026-03-08T05:38:00","modified_gmt":"2026-03-08T04:38:00","slug":"rinonera-reciclado","status":"publish","type":"product","link":"https:\/\/grupotextil.es\/ca\/product\/rinonera-reciclado\/","title":{"rendered":"Ri\u00f1onera reciclado"},"content":{"rendered":"<ul>\n<li>100% poli\u00e9ster (reciclado, 600D)<\/li>\n<li>Compartimento principal grande con cremallera<\/li>\n<li>Tiradores de cord\u00f3n con detalles reflectantes<\/li>\n<li>Bolsillo trasero con cremallera<\/li>\n<li>Cintur\u00f3n ajustable<\/li>\n<li>Etiqueta extra\u00edble para facilitar el rebranding<\/li>\n<li>Capacidad: 2.5 litros<\/li>\n<li>Medidas: 38 x 14 x 8 cm<\/li>\n<li>Max. bordado: 9 aros tubulares<\/li>\n<li>Max. \u00c1rea de impresi\u00f3n: 18 x 7 cm<\/li>\n<\/ul>","protected":false},"excerpt":{"rendered":"<p>100% poli\u00e9ster (reciclado, 600D)Compartimento principal grande con cremalleraTiradores de cord\u00f3n con detalles reflectantesBolsillo trasero con cremalleraCintur\u00f3n ajustableEtiqueta extra\u00edble para fa&#8230;<\/p>","protected":false},"featured_media":428463,"comment_status":"open","ping_status":"closed","template":"","meta":{"_acf_changed":false},"product_brand":[11668],"product_cat":[13954,13974,13930,13975,13973],"product_tag":[],"class_list":{"0":"post-402712","1":"product","2":"type-product","3":"status-publish","4":"has-post-thumbnail","6":"product_brand-bag-base","7":"product_cat-acc-bolsas-y-mochilas","8":"product_cat-ropa-hombre","9":"product_cat-laboral","10":"product_cat-ropa-mujer","11":"product_cat-ropa","12":"tm-no-options","14":"first","15":"instock","16":"taxable","17":"shipping-taxable","18":"product-type-variable"},"acf":[],"_links":{"self":[{"href":"https:\/\/grupotextil.es\/ca\/wp-json\/wp\/v2\/product\/402712","targetHints":{"allow":["GET"]}}],"collection":[{"href":"https:\/\/grupotextil.es\/ca\/wp-json\/wp\/v2\/product"}],"about":[{"href":"https:\/\/grupotextil.es\/ca\/wp-json\/wp\/v2\/types\/product"}],"replies":[{"embeddable":true,"href":"https:\/\/grupotextil.es\/ca\/wp-json\/wp\/v2\/comments?post=402712"}],"wp:featuredmedia":[{"embeddable":true,"href":"https:\/\/grupotextil.es\/ca\/wp-json\/wp\/v2\/media\/428463"}],"wp:attachment":[{"href":"https:\/\/grupotextil.es\/ca\/wp-json\/wp\/v2\/media?parent=402712"}],"wp:term":[{"taxonomy":"product_brand","embeddable":true,"href":"https:\/\/grupotextil.es\/ca\/wp-json\/wp\/v2\/product_brand?post=402712"},{"taxonomy":"product_cat","embeddable":true,"href":"https:\/\/grupotextil.es\/ca\/wp-json\/wp\/v2\/product_cat?post=402712"},{"taxonomy":"product_tag","embeddable":true,"href":"https:\/\/grupotextil.es\/ca\/wp-json\/wp\/v2\/product_tag?post=402712"}],"curies":[{"name":"wp","href":"https:\/\/api.w.org\/{rel}","templated":true}]}}

Riñonera reciclado

<ul>
<li>100% poliéster (reciclado, 600D)</li>
<li>Compartimento principal grande con cremallera</li>
<li>Tiradores de cordón con detalles reflectantes</li>
<li>Bolsillo trasero con cremallera</li>
<li>Cinturón ajustable</li>
<li>Etiqueta extraíble para facilitar el rebranding</li>
<li>Capacidad: 2.5 litros</li>
<li>Medidas: 38 x 14 x 8 cm</li>
<li>Max. bordado: 9 aros tubulares</li>
<li>Max. Área de impresión: 18 x 7 cm</li>
</ul>

<p>100% poliéster (reciclado, 600D)Compartimento principal grande con cremalleraTiradores de cordón con detalles reflectantesBolsillo trasero con cremalleraCinturón ajustableEtiqueta extraíble para fa&#8230;</p>
