{"id":402798,"date":"2026-03-08T05:38:39","date_gmt":"2026-03-08T04:38:39","guid":{"rendered":"https:\/\/grupotextil.es\/producto\/bolso-fin-de-semana-puerto\/"},"modified":"2026-03-08T05:38:39","modified_gmt":"2026-03-08T04:38:39","slug":"bolso-fin-de-semana-puerto","status":"publish","type":"product","link":"https:\/\/grupotextil.es\/ca\/product\/bolso-fin-de-semana-puerto\/","title":{"rendered":"Bolso fin de semana Puerto"},"content":{"rendered":"<ul>\n<li>450 g\/m\u00b2<\/li>\n<li>66 % poli\u00e9ster, 23 % algod\u00f3n, 11 % otras fibras<\/li>\n<li>Forro: 100 % poli\u00e9ster (reciclado)<\/li>\n<li>Dise\u00f1o estructurado<\/li>\n<li>Tejido de sarga de primera calidad<\/li>\n<li>Forro suave al tacto<\/li>\n<li>Cremallera oculta en el forro para un f\u00e1cil acceso a la personalizaci\u00f3n<\/li>\n<li>Compartimento principal con cremallera<\/li>\n<li>Bolsillo interior con cremallera para objetos de valor<\/li>\n<li>Adornos met\u00e1licos dorados de alto brillo<\/li>\n<li>Asas de transporte del mismo tejido<\/li>\n<li>Se puede llevar en la mano o sobre el hombro<\/li>\n<li>Etiqueta extra\u00edble para facilitar el cambio de marca<\/li>\n<li>Capacidad: 31 litros<\/li>\n<li>Dimensiones: 42 x 38 x 20,5 cm<\/li>\n<\/ul>","protected":false},"excerpt":{"rendered":"<p>450 g\/m\u00b266 % poli\u00e9ster, 23 % algod\u00f3n, 11 % otras fibrasForro: 100 % poli\u00e9ster (reciclado)Dise\u00f1o estructuradoTejido de sarga de primera calidadForro suave al tactoCremallera oculta en el forro para un<\/p>","protected":false},"featured_media":428526,"comment_status":"open","ping_status":"closed","template":"","meta":{"_acf_changed":false},"product_brand":[11657],"product_cat":[13954,13974,13932,13930,13975,13983,13973],"product_tag":[14010],"class_list":{"0":"post-402798","1":"product","2":"type-product","3":"status-publish","4":"has-post-thumbnail","6":"product_brand-quadra","7":"product_cat-acc-bolsas-y-mochilas","8":"product_cat-ropa-hombre","9":"product_cat-hosteleria-horeca","10":"product_cat-laboral","11":"product_cat-ropa-mujer","12":"product_cat-h-pantalones","13":"product_cat-ropa","14":"product_tag-nuevo-2026","15":"tm-no-options","17":"first","18":"instock","19":"taxable","20":"shipping-taxable","21":"product-type-variable"},"acf":[],"_links":{"self":[{"href":"https:\/\/grupotextil.es\/ca\/wp-json\/wp\/v2\/product\/402798","targetHints":{"allow":["GET"]}}],"collection":[{"href":"https:\/\/grupotextil.es\/ca\/wp-json\/wp\/v2\/product"}],"about":[{"href":"https:\/\/grupotextil.es\/ca\/wp-json\/wp\/v2\/types\/product"}],"replies":[{"embeddable":true,"href":"https:\/\/grupotextil.es\/ca\/wp-json\/wp\/v2\/comments?post=402798"}],"wp:featuredmedia":[{"embeddable":true,"href":"https:\/\/grupotextil.es\/ca\/wp-json\/wp\/v2\/media\/428526"}],"wp:attachment":[{"href":"https:\/\/grupotextil.es\/ca\/wp-json\/wp\/v2\/media?parent=402798"}],"wp:term":[{"taxonomy":"product_brand","embeddable":true,"href":"https:\/\/grupotextil.es\/ca\/wp-json\/wp\/v2\/product_brand?post=402798"},{"taxonomy":"product_cat","embeddable":true,"href":"https:\/\/grupotextil.es\/ca\/wp-json\/wp\/v2\/product_cat?post=402798"},{"taxonomy":"product_tag","embeddable":true,"href":"https:\/\/grupotextil.es\/ca\/wp-json\/wp\/v2\/product_tag?post=402798"}],"curies":[{"name":"wp","href":"https:\/\/api.w.org\/{rel}","templated":true}]}}

<ul>
<li>450 g/m²</li>
<li>66 % poliéster, 23 % algodón, 11 % otras fibras</li>
<li>Forro: 100 % poliéster (reciclado)</li>
<li>Diseño estructurado</li>
<li>Tejido de sarga de primera calidad</li>
<li>Forro suave al tacto</li>
<li>Cremallera oculta en el forro para un fácil acceso a la personalización</li>
<li>Compartimento principal con cremallera</li>
<li>Bolsillo interior con cremallera para objetos de valor</li>
<li>Adornos metálicos dorados de alto brillo</li>
<li>Asas de transporte del mismo tejido</li>
<li>Se puede llevar en la mano o sobre el hombro</li>
<li>Etiqueta extraíble para facilitar el cambio de marca</li>
<li>Capacidad: 31 litros</li>
<li>Dimensiones: 42 x 38 x 20,5 cm</li>
</ul>

<p>450 g/m²66 % poliéster, 23 % algodón, 11 % otras fibrasForro: 100 % poliéster (reciclado)Diseño estructuradoTejido de sarga de primera calidadForro suave al tactoCremallera oculta en el forro para un</p>
