{"id":403451,"date":"2026-03-08T05:40:31","date_gmt":"2026-03-08T04:40:31","guid":{"rendered":"https:\/\/grupotextil.es\/producto\/pantalon-ligero\/"},"modified":"2026-03-08T05:40:31","modified_gmt":"2026-03-08T04:40:31","slug":"pantalon-ligero","status":"publish","type":"product","link":"https:\/\/grupotextil.es\/ca\/product\/pantalon-ligero\/","title":{"rendered":"Trouser ligero"},"content":{"rendered":"<ul>\n<li>240 g\/m\u00b2<\/li>\n<li>80% algod\u00f3n, 20% poli\u00e9ster<\/li>\n<li>Tejido ligero sin felpar<\/li>\n<li>Cintura el\u00e1stica con cord\u00f3n<\/li>\n<li>Bolsillos laterales<\/li>\n<li>Bajo abierto<\/li>\n<\/ul>","protected":false},"excerpt":{"rendered":"<p>240 g\/m\u00b280% algod\u00f3n, 20% poli\u00e9sterTejido ligero sin felparCintura el\u00e1stica con cord\u00f3nBolsillos lateralesBajo abierto<\/p>","protected":false},"featured_media":428957,"comment_status":"open","ping_status":"closed","template":"","meta":{"_acf_changed":false},"product_brand":[11665],"product_cat":[13954,13990,13981,13974,13930,13975,13992,13983,13973],"product_tag":[],"class_list":{"0":"post-403451","1":"product","2":"type-product","3":"status-publish","4":"has-post-thumbnail","6":"product_brand-fruit-of-the-loom","7":"product_cat-acc-bolsas-y-mochilas","8":"product_cat-m-chaquetas-y-abrigos","9":"product_cat-h-chaquetas-y-abrigos","10":"product_cat-ropa-hombre","11":"product_cat-laboral","12":"product_cat-ropa-mujer","13":"product_cat-m-pantalones","14":"product_cat-h-pantalones","15":"product_cat-ropa","16":"tm-no-options","18":"first","19":"instock","20":"taxable","21":"shipping-taxable","22":"product-type-variable"},"acf":[],"_links":{"self":[{"href":"https:\/\/grupotextil.es\/ca\/wp-json\/wp\/v2\/product\/403451","targetHints":{"allow":["GET"]}}],"collection":[{"href":"https:\/\/grupotextil.es\/ca\/wp-json\/wp\/v2\/product"}],"about":[{"href":"https:\/\/grupotextil.es\/ca\/wp-json\/wp\/v2\/types\/product"}],"replies":[{"embeddable":true,"href":"https:\/\/grupotextil.es\/ca\/wp-json\/wp\/v2\/comments?post=403451"}],"wp:featuredmedia":[{"embeddable":true,"href":"https:\/\/grupotextil.es\/ca\/wp-json\/wp\/v2\/media\/428957"}],"wp:attachment":[{"href":"https:\/\/grupotextil.es\/ca\/wp-json\/wp\/v2\/media?parent=403451"}],"wp:term":[{"taxonomy":"product_brand","embeddable":true,"href":"https:\/\/grupotextil.es\/ca\/wp-json\/wp\/v2\/product_brand?post=403451"},{"taxonomy":"product_cat","embeddable":true,"href":"https:\/\/grupotextil.es\/ca\/wp-json\/wp\/v2\/product_cat?post=403451"},{"taxonomy":"product_tag","embeddable":true,"href":"https:\/\/grupotextil.es\/ca\/wp-json\/wp\/v2\/product_tag?post=403451"}],"curies":[{"name":"wp","href":"https:\/\/api.w.org\/{rel}","templated":true}]}}

<ul>
<li>240 g/m²</li>
<li>80% algodón, 20% poliéster</li>
<li>Tejido ligero sin felpar</li>
<li>Cintura elástica con cordón</li>
<li>Bolsillos laterales</li>
<li>Bajo abierto</li>
</ul>

<p>240 g/m²80% algodón, 20% poliésterTejido ligero sin felparCintura elástica con cordónBolsillos lateralesBajo abierto</p>
