{"id":404070,"date":"2026-03-08T05:44:14","date_gmt":"2026-03-08T04:44:14","guid":{"rendered":"https:\/\/grupotextil.es\/producto\/gorro-pescador-organico-ninos\/"},"modified":"2026-03-08T05:44:14","modified_gmt":"2026-03-08T04:44:14","slug":"gorro-pescador-organico-ninos","status":"publish","type":"product","link":"https:\/\/grupotextil.es\/ca\/product\/gorro-pescador-organico-ninos\/","title":{"rendered":"Beanie pescador org\u00e1nico ni\u00f1os"},"content":{"rendered":"<ul>\n<li>100% algod\u00f3n (sarga org\u00e1nica)<\/li>\n<li>Forro de mezcla, algod\u00f3n y poli\u00e9ster<\/li>\n<li>Poli\u00e9ster reciclado de aprox. 1,5 botellas<\/li>\n<li>Ojales de ventilaci\u00f3n cosidos<\/li>\n<li>Cinta el\u00e1stica para regular el tama\u00f1o<\/li>\n<li>Etiqueta TearAway para facilitar el cambio de marca<\/li>\n<li>Unisex<\/li>\n<\/ul>","protected":false},"excerpt":{"rendered":"<p>100% algod\u00f3n (sarga org\u00e1nica)Forro de mezcla, algod\u00f3n y poli\u00e9sterPoli\u00e9ster reciclado de aprox.<\/p>","protected":false},"featured_media":429305,"comment_status":"open","ping_status":"closed","template":"","meta":{"_acf_changed":false},"product_brand":[11655],"product_cat":[13954,13950,13974,13932,13930,13975,13973],"product_tag":[],"class_list":{"0":"post-404070","1":"product","2":"type-product","3":"status-publish","4":"has-post-thumbnail","6":"product_brand-beechfield","7":"product_cat-acc-bolsas-y-mochilas","8":"product_cat-gorros-y-beanies","9":"product_cat-ropa-hombre","10":"product_cat-hosteleria-horeca","11":"product_cat-laboral","12":"product_cat-ropa-mujer","13":"product_cat-ropa","14":"tm-no-options","16":"first","17":"instock","18":"taxable","19":"shipping-taxable","20":"product-type-variable"},"acf":[],"_links":{"self":[{"href":"https:\/\/grupotextil.es\/ca\/wp-json\/wp\/v2\/product\/404070","targetHints":{"allow":["GET"]}}],"collection":[{"href":"https:\/\/grupotextil.es\/ca\/wp-json\/wp\/v2\/product"}],"about":[{"href":"https:\/\/grupotextil.es\/ca\/wp-json\/wp\/v2\/types\/product"}],"replies":[{"embeddable":true,"href":"https:\/\/grupotextil.es\/ca\/wp-json\/wp\/v2\/comments?post=404070"}],"wp:featuredmedia":[{"embeddable":true,"href":"https:\/\/grupotextil.es\/ca\/wp-json\/wp\/v2\/media\/429305"}],"wp:attachment":[{"href":"https:\/\/grupotextil.es\/ca\/wp-json\/wp\/v2\/media?parent=404070"}],"wp:term":[{"taxonomy":"product_brand","embeddable":true,"href":"https:\/\/grupotextil.es\/ca\/wp-json\/wp\/v2\/product_brand?post=404070"},{"taxonomy":"product_cat","embeddable":true,"href":"https:\/\/grupotextil.es\/ca\/wp-json\/wp\/v2\/product_cat?post=404070"},{"taxonomy":"product_tag","embeddable":true,"href":"https:\/\/grupotextil.es\/ca\/wp-json\/wp\/v2\/product_tag?post=404070"}],"curies":[{"name":"wp","href":"https:\/\/api.w.org\/{rel}","templated":true}]}}

Beanie pescador orgánico niños

<ul>
<li>100% algodón (sarga orgánica)</li>
<li>Forro de mezcla, algodón y poliéster</li>
<li>Poliéster reciclado de aprox. 1,5 botellas</li>
<li>Ojales de ventilación cosidos</li>
<li>Cinta elástica para regular el tamaño</li>
<li>Etiqueta TearAway para facilitar el cambio de marca</li>
<li>Unisex</li>
</ul>

<p>100% algodón (sarga orgánica)Forro de mezcla, algodón y poliésterPoliéster reciclado de aprox.</p>
