{"id":404304,"date":"2026-03-08T05:45:45","date_gmt":"2026-03-08T04:45:45","guid":{"rendered":"https:\/\/grupotextil.es\/producto\/gorro-de-algodon-organico-snowstar\/"},"modified":"2026-03-08T05:45:45","modified_gmt":"2026-03-08T04:45:45","slug":"gorro-de-algodon-organico-snowstar","status":"publish","type":"product","link":"https:\/\/grupotextil.es\/ca\/product\/gorro-de-algodon-organico-snowstar\/","title":{"rendered":"Beanie de algod\u00f3n org\u00e1nico Snowstar\u00ae"},"content":{"rendered":"<ul>\n<li>100% algod\u00f3n (org\u00e1nico)<\/li>\n<li>Tejido de doble capa<\/li>\n<li>Pomp\u00f3n del mismo color<\/li>\n<li>Dobladillo acanalado<\/li>\n<li>Estilo doble: liso o acanalado<\/li>\n<li>Etiqueta extra\u00edble<\/li>\n<\/ul>","protected":false},"excerpt":{"rendered":"<p>100% algod\u00f3n (org\u00e1nico)Tejido de doble capaPomp\u00f3n del mismo colorDobladillo acanaladoEstilo doble: liso o acanaladoEtiqueta extra\u00edble<\/p>","protected":false},"featured_media":429419,"comment_status":"open","ping_status":"closed","template":"","meta":{"_acf_changed":false},"product_brand":[11655],"product_cat":[13954,13950,13974,13932,13930,13975,13973],"product_tag":[],"class_list":{"0":"post-404304","1":"product","2":"type-product","3":"status-publish","4":"has-post-thumbnail","6":"product_brand-beechfield","7":"product_cat-acc-bolsas-y-mochilas","8":"product_cat-gorros-y-beanies","9":"product_cat-ropa-hombre","10":"product_cat-hosteleria-horeca","11":"product_cat-laboral","12":"product_cat-ropa-mujer","13":"product_cat-ropa","14":"tm-no-options","16":"first","17":"instock","18":"taxable","19":"shipping-taxable","20":"product-type-variable"},"acf":[],"_links":{"self":[{"href":"https:\/\/grupotextil.es\/ca\/wp-json\/wp\/v2\/product\/404304","targetHints":{"allow":["GET"]}}],"collection":[{"href":"https:\/\/grupotextil.es\/ca\/wp-json\/wp\/v2\/product"}],"about":[{"href":"https:\/\/grupotextil.es\/ca\/wp-json\/wp\/v2\/types\/product"}],"replies":[{"embeddable":true,"href":"https:\/\/grupotextil.es\/ca\/wp-json\/wp\/v2\/comments?post=404304"}],"wp:featuredmedia":[{"embeddable":true,"href":"https:\/\/grupotextil.es\/ca\/wp-json\/wp\/v2\/media\/429419"}],"wp:attachment":[{"href":"https:\/\/grupotextil.es\/ca\/wp-json\/wp\/v2\/media?parent=404304"}],"wp:term":[{"taxonomy":"product_brand","embeddable":true,"href":"https:\/\/grupotextil.es\/ca\/wp-json\/wp\/v2\/product_brand?post=404304"},{"taxonomy":"product_cat","embeddable":true,"href":"https:\/\/grupotextil.es\/ca\/wp-json\/wp\/v2\/product_cat?post=404304"},{"taxonomy":"product_tag","embeddable":true,"href":"https:\/\/grupotextil.es\/ca\/wp-json\/wp\/v2\/product_tag?post=404304"}],"curies":[{"name":"wp","href":"https:\/\/api.w.org\/{rel}","templated":true}]}}

Beanie de algodón orgánico Snowstar®

<ul>
<li>100% algodón (orgánico)</li>
<li>Tejido de doble capa</li>
<li>Pompón del mismo color</li>
<li>Dobladillo acanalado</li>
<li>Estilo doble: liso o acanalado</li>
<li>Etiqueta extraíble</li>
</ul>

<p>100% algodón (orgánico)Tejido de doble capaPompón del mismo colorDobladillo acanaladoEstilo doble: liso o acanaladoEtiqueta extraíble</p>
