{"id":404546,"date":"2026-03-08T05:46:44","date_gmt":"2026-03-08T04:46:44","guid":{"rendered":"https:\/\/grupotextil.es\/producto\/gorro-con-dobladillo-ancho-original\/"},"modified":"2026-03-08T05:46:44","modified_gmt":"2026-03-08T04:46:44","slug":"gorro-con-dobladillo-ancho-original","status":"publish","type":"product","link":"https:\/\/grupotextil.es\/ca\/product\/gorro-con-dobladillo-ancho-original\/","title":{"rendered":"Beanie con pu\u00f1os el\u00e1sticos Wide Original"},"content":{"rendered":"<ul>\n<li>50% Poli\u00e9ster, 50% Poliacr\u00edlico<\/li>\n<li>Colores Ash y Granite: 51% Poli\u00e9ster, 49% Poliacr\u00edlico<\/li>\n<li>Poli\u00e9ster reciclado con aprox. 1,5 botellas posconsumo<\/li>\n<li>Punto de doble capa<\/li>\n<li>Dise\u00f1o con dobladillo ancho para una decoraci\u00f3n \u00f3ptima<\/li>\n<li>Etiqueta TearAway para facilitar el cambio de marca<\/li>\n<\/ul>","protected":false},"excerpt":{"rendered":"<p>50% Poli\u00e9ster, 50% Poliacr\u00edlicoColores Ash y Granite: 51% Poli\u00e9ster, 49% Poliacr\u00edlicoPoli\u00e9ster reciclado con aprox.<\/p>","protected":false},"featured_media":429651,"comment_status":"open","ping_status":"closed","template":"","meta":{"_acf_changed":false},"product_brand":[11655],"product_cat":[13948,13954,13939,13950,13974,13932,13930,13975,13992,13983,13973],"product_tag":[],"class_list":{"0":"post-404546","1":"product","2":"type-product","3":"status-publish","4":"has-post-thumbnail","6":"product_brand-beechfield","7":"product_cat-accesorios","8":"product_cat-acc-bolsas-y-mochilas","9":"product_cat-deportivo","10":"product_cat-gorros-y-beanies","11":"product_cat-ropa-hombre","12":"product_cat-hosteleria-horeca","13":"product_cat-laboral","14":"product_cat-ropa-mujer","15":"product_cat-m-pantalones","16":"product_cat-h-pantalones","17":"product_cat-ropa","18":"tm-no-options","20":"first","21":"instock","22":"taxable","23":"shipping-taxable","24":"product-type-variable"},"acf":[],"_links":{"self":[{"href":"https:\/\/grupotextil.es\/ca\/wp-json\/wp\/v2\/product\/404546","targetHints":{"allow":["GET"]}}],"collection":[{"href":"https:\/\/grupotextil.es\/ca\/wp-json\/wp\/v2\/product"}],"about":[{"href":"https:\/\/grupotextil.es\/ca\/wp-json\/wp\/v2\/types\/product"}],"replies":[{"embeddable":true,"href":"https:\/\/grupotextil.es\/ca\/wp-json\/wp\/v2\/comments?post=404546"}],"wp:featuredmedia":[{"embeddable":true,"href":"https:\/\/grupotextil.es\/ca\/wp-json\/wp\/v2\/media\/429651"}],"wp:attachment":[{"href":"https:\/\/grupotextil.es\/ca\/wp-json\/wp\/v2\/media?parent=404546"}],"wp:term":[{"taxonomy":"product_brand","embeddable":true,"href":"https:\/\/grupotextil.es\/ca\/wp-json\/wp\/v2\/product_brand?post=404546"},{"taxonomy":"product_cat","embeddable":true,"href":"https:\/\/grupotextil.es\/ca\/wp-json\/wp\/v2\/product_cat?post=404546"},{"taxonomy":"product_tag","embeddable":true,"href":"https:\/\/grupotextil.es\/ca\/wp-json\/wp\/v2\/product_tag?post=404546"}],"curies":[{"name":"wp","href":"https:\/\/api.w.org\/{rel}","templated":true}]}}

Beanie con puños elásticos Wide Original

<ul>
<li>50% Poliéster, 50% Poliacrílico</li>
<li>Colores Ash y Granite: 51% Poliéster, 49% Poliacrílico</li>
<li>Poliéster reciclado con aprox. 1,5 botellas posconsumo</li>
<li>Punto de doble capa</li>
<li>Diseño con dobladillo ancho para una decoración óptima</li>
<li>Etiqueta TearAway para facilitar el cambio de marca</li>
</ul>

<p>50% Poliéster, 50% PoliacrílicoColores Ash y Granite: 51% Poliéster, 49% PoliacrílicoPoliéster reciclado con aprox.</p>
