{"id":455631,"date":"2026-03-13T06:59:13","date_gmt":"2026-03-13T05:59:13","guid":{"rendered":"https:\/\/grupotextil.es\/producto\/cazadora\/"},"modified":"2026-03-13T06:59:13","modified_gmt":"2026-03-13T05:59:13","slug":"cazadora","status":"publish","type":"product","link":"https:\/\/grupotextil.es\/ca\/product\/cazadora\/","title":{"rendered":"Cazadora"},"content":{"rendered":"<p>Cazadora.<\/p>\n<p>Caracter&iacute;sticas:<\/p>\n<ul>\n<li>Cierre central con cremallera.<\/li>\n<li>Dos cintas reflectantes segmentadas, termoselladas en torso y mangas.<\/li>\n<li>Cinturilla lateral el&aacute;stica.<\/li>\n<li>Pu&ntilde;os de canal&eacute;.<\/li>\n<li>3 bolsillos: 1 en pecho derecho y 2 laterales con cremalleras.<\/li>\n<\/ul>","protected":false},"excerpt":{"rendered":"<p>Cazadora.Caracter\u00edsticas:Cierre central con cremallera.Dos cintas reflectantes segmentadas, termoselladas en torso y mangas.Cinturilla lateral el\u00e1stica.Pu\u00f1os de canal\u00e9.3 bolsillos: 1 en pecho derecho y 2 laterales con cremalleras.<\/p>","protected":false},"featured_media":455632,"comment_status":"open","ping_status":"closed","template":"","meta":{"_acf_changed":false},"product_brand":[14180],"product_cat":[13974,13930,13975],"product_tag":[],"class_list":{"0":"post-455631","1":"product","2":"type-product","3":"status-publish","4":"has-post-thumbnail","6":"product_brand-velilla","7":"product_cat-ropa-hombre","8":"product_cat-laboral","9":"product_cat-ropa-mujer","10":"tm-no-options","12":"first","13":"instock","14":"taxable","15":"shipping-taxable","16":"product-type-variable"},"acf":[],"_links":{"self":[{"href":"https:\/\/grupotextil.es\/ca\/wp-json\/wp\/v2\/product\/455631","targetHints":{"allow":["GET"]}}],"collection":[{"href":"https:\/\/grupotextil.es\/ca\/wp-json\/wp\/v2\/product"}],"about":[{"href":"https:\/\/grupotextil.es\/ca\/wp-json\/wp\/v2\/types\/product"}],"replies":[{"embeddable":true,"href":"https:\/\/grupotextil.es\/ca\/wp-json\/wp\/v2\/comments?post=455631"}],"wp:featuredmedia":[{"embeddable":true,"href":"https:\/\/grupotextil.es\/ca\/wp-json\/wp\/v2\/media\/455632"}],"wp:attachment":[{"href":"https:\/\/grupotextil.es\/ca\/wp-json\/wp\/v2\/media?parent=455631"}],"wp:term":[{"taxonomy":"product_brand","embeddable":true,"href":"https:\/\/grupotextil.es\/ca\/wp-json\/wp\/v2\/product_brand?post=455631"},{"taxonomy":"product_cat","embeddable":true,"href":"https:\/\/grupotextil.es\/ca\/wp-json\/wp\/v2\/product_cat?post=455631"},{"taxonomy":"product_tag","embeddable":true,"href":"https:\/\/grupotextil.es\/ca\/wp-json\/wp\/v2\/product_tag?post=455631"}],"curies":[{"name":"wp","href":"https:\/\/api.w.org\/{rel}","templated":true}]}}

<p>Cazadora.Características:Cierre central con cremallera.Dos cintas reflectantes segmentadas, termoselladas en torso y mangas.Cinturilla lateral elástica.Puños de canalé.3 bolsillos: 1 en pecho derecho y 2 laterales con cremalleras.</p>
