{"id":455695,"date":"2026-03-13T06:59:31","date_gmt":"2026-03-13T05:59:31","guid":{"rendered":"https:\/\/grupotextil.es\/producto\/parka\/"},"modified":"2026-03-13T06:59:31","modified_gmt":"2026-03-13T05:59:31","slug":"parka","status":"publish","type":"product","link":"https:\/\/grupotextil.es\/ca\/product\/parka\/","title":{"rendered":"Parka"},"content":{"rendered":"<p>Parka AV.<\/p>\n<p>Caracter&iacute;sticas:<\/p>\n<ul>\n<li>Cierre central con cremallera oculta.<\/li>\n<li>Tapeta con velcro y protector de barbilla.<\/li>\n<li>Pu&ntilde;os de canal&eacute;.<\/li>\n<li>Cintas reflectantes segmentadas, termoselladas en torso, hombros y mangas.<\/li>\n<li>Capucha oculta en cuello.<\/li>\n<li>4 bolsillos: 1 en pecho derecho con tapeta y cremallera, 2 en la parte inferior y 1 interior con velcro.<\/li>\n<li>Cremallera abertura espalda para serigraf&iacute;a.<\/li>\n<li>Costuras termoselladas.<\/li>\n<\/ul>","protected":false},"excerpt":{"rendered":"<p>Parka AV.Caracter\u00edsticas:Cierre central con cremallera oculta.Tapeta con velcro y protector de barbilla.Pu\u00f1os de canal\u00e9.Cintas reflectantes segmentadas, termoselladas en torso, hombros y mangas.Capucha oculta en cuello.4 bolsillos: 1 en pecho derecho con tapeta y cremallera, 2 en la parte inferio<\/p>","protected":false},"featured_media":455696,"comment_status":"open","ping_status":"closed","template":"","meta":{"_acf_changed":false},"product_brand":[14180],"product_cat":[13974,13930,13975],"product_tag":[],"class_list":{"0":"post-455695","1":"product","2":"type-product","3":"status-publish","4":"has-post-thumbnail","6":"product_brand-velilla","7":"product_cat-ropa-hombre","8":"product_cat-laboral","9":"product_cat-ropa-mujer","10":"tm-no-options","12":"first","13":"instock","14":"taxable","15":"shipping-taxable","16":"product-type-variable"},"acf":[],"_links":{"self":[{"href":"https:\/\/grupotextil.es\/ca\/wp-json\/wp\/v2\/product\/455695","targetHints":{"allow":["GET"]}}],"collection":[{"href":"https:\/\/grupotextil.es\/ca\/wp-json\/wp\/v2\/product"}],"about":[{"href":"https:\/\/grupotextil.es\/ca\/wp-json\/wp\/v2\/types\/product"}],"replies":[{"embeddable":true,"href":"https:\/\/grupotextil.es\/ca\/wp-json\/wp\/v2\/comments?post=455695"}],"wp:featuredmedia":[{"embeddable":true,"href":"https:\/\/grupotextil.es\/ca\/wp-json\/wp\/v2\/media\/455696"}],"wp:attachment":[{"href":"https:\/\/grupotextil.es\/ca\/wp-json\/wp\/v2\/media?parent=455695"}],"wp:term":[{"taxonomy":"product_brand","embeddable":true,"href":"https:\/\/grupotextil.es\/ca\/wp-json\/wp\/v2\/product_brand?post=455695"},{"taxonomy":"product_cat","embeddable":true,"href":"https:\/\/grupotextil.es\/ca\/wp-json\/wp\/v2\/product_cat?post=455695"},{"taxonomy":"product_tag","embeddable":true,"href":"https:\/\/grupotextil.es\/ca\/wp-json\/wp\/v2\/product_tag?post=455695"}],"curies":[{"name":"wp","href":"https:\/\/api.w.org\/{rel}","templated":true}]}}

<p>Parka AV.Características:Cierre central con cremallera oculta.Tapeta con velcro y protector de barbilla.Puños de canalé.Cintas reflectantes segmentadas, termoselladas en torso, hombros y mangas.Capucha oculta en cuello.4 bolsillos: 1 en pecho derecho con tapeta y cremallera, 2 en la parte inferio</p>
