{"id":458832,"date":"2026-03-13T07:12:55","date_gmt":"2026-03-13T06:12:55","guid":{"rendered":"https:\/\/grupotextil.es\/producto\/man-subli-t-shirt\/"},"modified":"2026-03-13T07:12:55","modified_gmt":"2026-03-13T06:12:55","slug":"man-subli-t-shirt","status":"publish","type":"product","link":"https:\/\/grupotextil.es\/ca\/product\/man-subli-t-shirt\/","title":{"rendered":"Man Subli T-Shirt"},"content":{"rendered":"<p><strong>Camiseta de hombre de manga corta para sublimar. 100% poli&eacute;ster<\/strong>. Tacto de algod&oacute;n. Etiqueta removible.<\/p>\n<p>Caracter&iacute;sticas:<\/p>\n<ul>\n<li>Doble costura en mangas y bajo.<\/li>\n<li>Etiqueta removible<\/li>\n<\/ul>","protected":false},"excerpt":{"rendered":"<p>Camiseta de hombre de manga corta para sublimar. 100% poli\u00e9ster. Tacto de algod\u00f3n. Etiqueta removible.Caracter\u00edsticas:Doble costura en mangas y bajo.Etiqueta removible<\/p>","protected":false},"featured_media":458833,"comment_status":"open","ping_status":"closed","template":"","meta":{"_acf_changed":false},"product_brand":[],"product_cat":[13974,13975],"product_tag":[],"class_list":{"0":"post-458832","1":"product","2":"type-product","3":"status-publish","4":"has-post-thumbnail","6":"product_cat-ropa-hombre","7":"product_cat-ropa-mujer","8":"tm-no-options","10":"first","11":"instock","12":"taxable","13":"shipping-taxable","14":"product-type-variable"},"acf":[],"_links":{"self":[{"href":"https:\/\/grupotextil.es\/ca\/wp-json\/wp\/v2\/product\/458832","targetHints":{"allow":["GET"]}}],"collection":[{"href":"https:\/\/grupotextil.es\/ca\/wp-json\/wp\/v2\/product"}],"about":[{"href":"https:\/\/grupotextil.es\/ca\/wp-json\/wp\/v2\/types\/product"}],"replies":[{"embeddable":true,"href":"https:\/\/grupotextil.es\/ca\/wp-json\/wp\/v2\/comments?post=458832"}],"wp:featuredmedia":[{"embeddable":true,"href":"https:\/\/grupotextil.es\/ca\/wp-json\/wp\/v2\/media\/458833"}],"wp:attachment":[{"href":"https:\/\/grupotextil.es\/ca\/wp-json\/wp\/v2\/media?parent=458832"}],"wp:term":[{"taxonomy":"product_brand","embeddable":true,"href":"https:\/\/grupotextil.es\/ca\/wp-json\/wp\/v2\/product_brand?post=458832"},{"taxonomy":"product_cat","embeddable":true,"href":"https:\/\/grupotextil.es\/ca\/wp-json\/wp\/v2\/product_cat?post=458832"},{"taxonomy":"product_tag","embeddable":true,"href":"https:\/\/grupotextil.es\/ca\/wp-json\/wp\/v2\/product_tag?post=458832"}],"curies":[{"name":"wp","href":"https:\/\/api.w.org\/{rel}","templated":true}]}}

<p>Camiseta de hombre de manga corta para sublimar. 100% poliéster. Tacto de algodón. Etiqueta removible.Características:Doble costura en mangas y bajo.Etiqueta removible</p>
