{"id":459210,"date":"2026-03-13T07:14:35","date_gmt":"2026-03-13T06:14:35","guid":{"rendered":"https:\/\/grupotextil.es\/producto\/camisa-tulum\/"},"modified":"2026-03-13T07:14:35","modified_gmt":"2026-03-13T06:14:35","slug":"camisa-tulum","status":"publish","type":"product","link":"https:\/\/grupotextil.es\/ca\/product\/camisa-tulum\/","title":{"rendered":"CAMISA TULUM"},"content":{"rendered":"<p><strong>Camisa perfecta para climas c&aacute;lidos<\/strong> dando frescura y moda en una sola prenda.<\/p>\n<p>Camisa de manga larga.<\/p>\n<p>Tapeta en manga larga con bot&oacute;n y pliegue.<\/p>\n<p>Pu&ntilde;os con dos botones.<\/p>\n<p>Bajo redondeado.<\/p>\n<p>&nbsp;<\/p>","protected":false},"excerpt":{"rendered":"<p>Camisa perfecta para climas c\u00e1lidos dando frescura y moda en una sola prenda.Camisa de manga larga.Tapeta en manga larga con bot\u00f3n y pliegue.Pu\u00f1os con dos botones.Bajo redondeado.\u00a0<\/p>","protected":false},"featured_media":459211,"comment_status":"open","ping_status":"closed","template":"","meta":{"_acf_changed":false},"product_brand":[14181],"product_cat":[13938,13930,13973],"product_tag":[],"class_list":{"0":"post-459210","1":"product","2":"type-product","3":"status-publish","4":"has-post-thumbnail","6":"product_brand-jhk","7":"product_cat-camisas-corporativas","8":"product_cat-laboral","9":"product_cat-ropa","10":"tm-no-options","12":"first","13":"instock","14":"taxable","15":"shipping-taxable","16":"product-type-variable"},"acf":[],"_links":{"self":[{"href":"https:\/\/grupotextil.es\/ca\/wp-json\/wp\/v2\/product\/459210","targetHints":{"allow":["GET"]}}],"collection":[{"href":"https:\/\/grupotextil.es\/ca\/wp-json\/wp\/v2\/product"}],"about":[{"href":"https:\/\/grupotextil.es\/ca\/wp-json\/wp\/v2\/types\/product"}],"replies":[{"embeddable":true,"href":"https:\/\/grupotextil.es\/ca\/wp-json\/wp\/v2\/comments?post=459210"}],"wp:featuredmedia":[{"embeddable":true,"href":"https:\/\/grupotextil.es\/ca\/wp-json\/wp\/v2\/media\/459211"}],"wp:attachment":[{"href":"https:\/\/grupotextil.es\/ca\/wp-json\/wp\/v2\/media?parent=459210"}],"wp:term":[{"taxonomy":"product_brand","embeddable":true,"href":"https:\/\/grupotextil.es\/ca\/wp-json\/wp\/v2\/product_brand?post=459210"},{"taxonomy":"product_cat","embeddable":true,"href":"https:\/\/grupotextil.es\/ca\/wp-json\/wp\/v2\/product_cat?post=459210"},{"taxonomy":"product_tag","embeddable":true,"href":"https:\/\/grupotextil.es\/ca\/wp-json\/wp\/v2\/product_tag?post=459210"}],"curies":[{"name":"wp","href":"https:\/\/api.w.org\/{rel}","templated":true}]}}

<p>Camisa perfecta para climas cálidos dando frescura y moda en una sola prenda.Camisa de manga larga.Tapeta en manga larga con botón y pliegue.Puños con dos botones.Bajo redondeado. </p>
