{"id":463784,"date":"2026-03-13T07:38:03","date_gmt":"2026-03-13T06:38:03","guid":{"rendered":"https:\/\/grupotextil.es\/producto\/everest-kid\/"},"modified":"2026-03-13T07:38:03","modified_gmt":"2026-03-13T06:38:03","slug":"everest-kid","status":"publish","type":"product","link":"https:\/\/grupotextil.es\/ca\/product\/everest-kid\/","title":{"rendered":"Everest Kid"},"content":{"rendered":"<p><strong>Sudadera cl&aacute;sica infantil con cuello redondo<\/strong>. Disponible en 8 colores y desde la talla 1\/2 a&ntilde;os a la 12\/14.&nbsp;&nbsp;<\/p>\n<p>Caracter&iacute;sticas:<\/p>\n<ul>\n<li>Doble costura en cuello, pu&ntilde;os y bajo.<\/li>\n<li>Manga raglan.<\/li>\n<li>2&#215;1 canal&eacute; con licra en pu&ntilde;os y bajo.<\/li>\n<li>Felpa perchada.<\/li>\n<\/ul>\n<p>Composici&oacute;n de colores:<\/p>\n<ul>\n<li>DGM: 63% algod&oacute;n org&aacute;nico \/21% poli&eacute;ster reciclado \/ 16% viscosa<\/li>\n<li>GM: 61% algod&oacute;n org&aacute;nico \/31% poli&eacute;ster reciclado \/ 8% viscosa<\/li>\n<\/ul>","protected":false},"excerpt":{"rendered":"<p>Sudadera cl\u00e1sica infantil con cuello redondo. Disponible en 8 colores y desde la talla 1\/2 a\u00f1os a la 12\/14.\u00a0\u00a0Caracter\u00edsticas:Doble costura en cuello, pu\u00f1os y bajo.Manga raglan.2&#215;1 canal\u00e9 con licra en pu\u00f1os y bajo.Felpa perchada.Composici\u00f3n de colores:DGM: 63% algod\u00f3n org\u00e1nico \/21% poli\u00e9s<\/p>","protected":false},"featured_media":463785,"comment_status":"open","ping_status":"closed","template":"","meta":{"_acf_changed":false},"product_brand":[14181],"product_cat":[13974,13973,13980],"product_tag":[],"class_list":{"0":"post-463784","1":"product","2":"type-product","3":"status-publish","4":"has-post-thumbnail","6":"product_brand-jhk","7":"product_cat-ropa-hombre","8":"product_cat-ropa","9":"product_cat-h-sudaderas","10":"tm-no-options","12":"first","13":"instock","14":"taxable","15":"shipping-taxable","16":"product-type-variable"},"acf":[],"_links":{"self":[{"href":"https:\/\/grupotextil.es\/ca\/wp-json\/wp\/v2\/product\/463784","targetHints":{"allow":["GET"]}}],"collection":[{"href":"https:\/\/grupotextil.es\/ca\/wp-json\/wp\/v2\/product"}],"about":[{"href":"https:\/\/grupotextil.es\/ca\/wp-json\/wp\/v2\/types\/product"}],"replies":[{"embeddable":true,"href":"https:\/\/grupotextil.es\/ca\/wp-json\/wp\/v2\/comments?post=463784"}],"wp:featuredmedia":[{"embeddable":true,"href":"https:\/\/grupotextil.es\/ca\/wp-json\/wp\/v2\/media\/463785"}],"wp:attachment":[{"href":"https:\/\/grupotextil.es\/ca\/wp-json\/wp\/v2\/media?parent=463784"}],"wp:term":[{"taxonomy":"product_brand","embeddable":true,"href":"https:\/\/grupotextil.es\/ca\/wp-json\/wp\/v2\/product_brand?post=463784"},{"taxonomy":"product_cat","embeddable":true,"href":"https:\/\/grupotextil.es\/ca\/wp-json\/wp\/v2\/product_cat?post=463784"},{"taxonomy":"product_tag","embeddable":true,"href":"https:\/\/grupotextil.es\/ca\/wp-json\/wp\/v2\/product_tag?post=463784"}],"curies":[{"name":"wp","href":"https:\/\/api.w.org\/{rel}","templated":true}]}}

<p>Sudadera clásica infantil con cuello redondo. Disponible en 8 colores y desde la talla 1/2 años a la 12/14.  Características:Doble costura en cuello, puños y bajo.Manga raglan.2&#215;1 canalé con licra en puños y bajo.Felpa perchada.Composición de colores:DGM: 63% algodón orgánico /21% poliés</p>
