{"id":464320,"date":"2026-03-13T07:40:24","date_gmt":"2026-03-13T06:40:24","guid":{"rendered":"https:\/\/grupotextil.es\/producto\/sweat-shorts-man\/"},"modified":"2026-03-13T07:40:24","modified_gmt":"2026-03-13T06:40:24","slug":"sweat-shorts-man","status":"publish","type":"product","link":"https:\/\/grupotextil.es\/ca\/product\/sweat-shorts-man\/","title":{"rendered":"Sweat Shorts Man"},"content":{"rendered":"<p><strong>Pantal&oacute;n deportivo corto para hombre, con bolsillos delanteros con costura marcada,&nbsp;bolsillo trasero&nbsp;y cintura el&aacute;stica con cord&oacute;n ajustable. Bajo sin rematar.&nbsp;<\/strong>Disponible en 3 colores desde la talla S hasta la XL.<\/p>\n<p>Caracter&iacute;sticas:<\/p>\n<ul>\n<li>Cintura el&aacute;stica con cord&oacute;n ajustable a tono.<\/li>\n<li>Bolsillos delanteros con costura marcada.<\/li>\n<li>Bolsillo trasero.<\/li>\n<li>Felpa perchada<\/li>\n<\/ul>\n<p>Composici&oacute;n de colores:<\/p>\n<ul>\n<li>GM: 61% algod&oacute;n \/31% poli&eacute;ster reciclado \/ 8% viscosa<\/li>\n<\/ul>","protected":false},"excerpt":{"rendered":"<p>Pantal\u00f3n deportivo corto para hombre, con bolsillos delanteros con costura marcada,\u00a0bolsillo trasero\u00a0y cintura el\u00e1stica con cord\u00f3n ajustable. Bajo sin rematar.\u00a0Disponible en 3 colores desde la talla S hasta la XL.Caracter\u00edsticas:Cintura el\u00e1stica con cord\u00f3n ajustable a tono.Bolsillos delante<\/p>","protected":false},"featured_media":464321,"comment_status":"open","ping_status":"closed","template":"","meta":{"_acf_changed":false},"product_brand":[],"product_cat":[13974,13973,13980],"product_tag":[],"class_list":{"0":"post-464320","1":"product","2":"type-product","3":"status-publish","4":"has-post-thumbnail","6":"product_cat-ropa-hombre","7":"product_cat-ropa","8":"product_cat-h-sudaderas","9":"tm-no-options","11":"first","12":"instock","13":"taxable","14":"shipping-taxable","15":"product-type-variable"},"acf":[],"_links":{"self":[{"href":"https:\/\/grupotextil.es\/ca\/wp-json\/wp\/v2\/product\/464320","targetHints":{"allow":["GET"]}}],"collection":[{"href":"https:\/\/grupotextil.es\/ca\/wp-json\/wp\/v2\/product"}],"about":[{"href":"https:\/\/grupotextil.es\/ca\/wp-json\/wp\/v2\/types\/product"}],"replies":[{"embeddable":true,"href":"https:\/\/grupotextil.es\/ca\/wp-json\/wp\/v2\/comments?post=464320"}],"wp:featuredmedia":[{"embeddable":true,"href":"https:\/\/grupotextil.es\/ca\/wp-json\/wp\/v2\/media\/464321"}],"wp:attachment":[{"href":"https:\/\/grupotextil.es\/ca\/wp-json\/wp\/v2\/media?parent=464320"}],"wp:term":[{"taxonomy":"product_brand","embeddable":true,"href":"https:\/\/grupotextil.es\/ca\/wp-json\/wp\/v2\/product_brand?post=464320"},{"taxonomy":"product_cat","embeddable":true,"href":"https:\/\/grupotextil.es\/ca\/wp-json\/wp\/v2\/product_cat?post=464320"},{"taxonomy":"product_tag","embeddable":true,"href":"https:\/\/grupotextil.es\/ca\/wp-json\/wp\/v2\/product_tag?post=464320"}],"curies":[{"name":"wp","href":"https:\/\/api.w.org\/{rel}","templated":true}]}}

<p>Pantalón deportivo corto para hombre, con bolsillos delanteros con costura marcada, bolsillo trasero y cintura elástica con cordón ajustable. Bajo sin rematar. Disponible en 3 colores desde la talla S hasta la XL.Características:Cintura elástica con cordón ajustable a tono.Bolsillos delante</p>
