{"id":200092,"date":"2026-03-04T00:09:13","date_gmt":"2026-03-03T23:09:13","guid":{"rendered":"https:\/\/grupotextil.es\/producto\/chandal-roly-creta-6410-nino\/"},"modified":"2026-03-04T06:14:01","modified_gmt":"2026-03-04T05:14:01","slug":"chandal-roly-creta-6410-nino","status":"publish","type":"product","link":"https:\/\/grupotextil.es\/en\/product\/chandal-roly-creta-6410-nino\/","title":{"rendered":"Ch\u00e1ndal Roly Creta 6410 Ni\u00f1o"},"content":{"rendered":"<p>Ch\u00e1ndal combinado de chaqueta y pantal\u00f3n: Cuello alto con cubrecosturas interior a tono. Cremallera central a tono con tirador. Bolsillos laterales de chaqueta con cremalleras. Banda lateral a contraste. Pantal\u00f3n con cintura el\u00e1stica y cord\u00f3n ajustable. Dos bolsillos laterales. Bolsillo trasero con cremallera. Bajo con pu\u00f1os el\u00e1sticos en canal\u00e9 1\u00d71.<\/p>","protected":false},"excerpt":{"rendered":"<p>Ch\u00e1ndal combinado de chaqueta y pantal\u00f3n: Cuello alto con cubrecosturas interior a tono. Cremallera central a tono con tirador. Bolsillos laterales de chaqueta con cremalleras. Banda lateral a contraste. Pantal\u00f3n con cintura el\u00e1stica y cord\u00f3n ajustable. Dos bolsillos laterales. Bolsillo trasero con cremallera. Bajo con pu\u00f1os el\u00e1sticos en canal\u00e9 1\u00d71.<\/p>","protected":false},"featured_media":200093,"comment_status":"open","ping_status":"closed","template":"","meta":{"_acf_changed":false},"product_brand":[14011],"product_cat":[13941,13939,13976],"product_tag":[],"class_list":{"0":"post-200092","1":"product","2":"type-product","3":"status-publish","4":"has-post-thumbnail","6":"product_brand-roly","7":"product_cat-rd-chandal","8":"product_cat-deportivo","9":"product_cat-ropa-nino","10":"tm-no-options","12":"first","13":"instock","14":"taxable","15":"shipping-taxable","16":"product-type-variable"},"acf":[],"_links":{"self":[{"href":"https:\/\/grupotextil.es\/en\/wp-json\/wp\/v2\/product\/200092","targetHints":{"allow":["GET"]}}],"collection":[{"href":"https:\/\/grupotextil.es\/en\/wp-json\/wp\/v2\/product"}],"about":[{"href":"https:\/\/grupotextil.es\/en\/wp-json\/wp\/v2\/types\/product"}],"replies":[{"embeddable":true,"href":"https:\/\/grupotextil.es\/en\/wp-json\/wp\/v2\/comments?post=200092"}],"wp:featuredmedia":[{"embeddable":true,"href":"https:\/\/grupotextil.es\/en\/wp-json\/wp\/v2\/media\/200093"}],"wp:attachment":[{"href":"https:\/\/grupotextil.es\/en\/wp-json\/wp\/v2\/media?parent=200092"}],"wp:term":[{"taxonomy":"product_brand","embeddable":true,"href":"https:\/\/grupotextil.es\/en\/wp-json\/wp\/v2\/product_brand?post=200092"},{"taxonomy":"product_cat","embeddable":true,"href":"https:\/\/grupotextil.es\/en\/wp-json\/wp\/v2\/product_cat?post=200092"},{"taxonomy":"product_tag","embeddable":true,"href":"https:\/\/grupotextil.es\/en\/wp-json\/wp\/v2\/product_tag?post=200092"}],"curies":[{"name":"wp","href":"https:\/\/api.w.org\/{rel}","templated":true}]}}

Chándal Roly Creta 6410 Niño

<p>Chándal combinado de chaqueta y pantalón: Cuello alto con cubrecosturas interior a tono. Cremallera central a tono con tirador. Bolsillos laterales de chaqueta con cremalleras. Banda lateral a contraste. Pantalón con cintura elástica y cordón ajustable. Dos bolsillos laterales. Bolsillo trasero con cremallera. Bajo con puños elásticos en canalé 1×1.</p>
