{"id":201707,"date":"2026-03-04T00:18:08","date_gmt":"2026-03-03T23:18:08","guid":{"rendered":"https:\/\/grupotextil.es\/producto\/pantalon-corto-roly-lanus-6655-mujer\/"},"modified":"2026-03-10T01:59:14","modified_gmt":"2026-03-10T00:59:14","slug":"pantalon-corto-roly-lanus-6655-mujer","status":"publish","type":"product","link":"https:\/\/grupotextil.es\/en\/product\/pantalon-corto-roly-lanus-6655-mujer\/","title":{"rendered":"Pantal\u00f3n Corto Roly Lanus 6655 Mujer"},"content":{"rendered":"<p>Pantal\u00f3n corto con malla interior. Cinturilla el\u00e1stica con cord\u00f3n interior cruzado para facilitar ajuste. Tejido transpirable con elastano para mayor libertad de movimiento. F\u00e1cil secado. Detalle reflectante en parte trasera .<\/p>","protected":false},"excerpt":{"rendered":"<p>Pantal\u00f3n corto con malla interior. Cinturilla el\u00e1stica con cord\u00f3n interior cruzado para facilitar ajuste. Tejido transpirable con elastano para mayor libertad de movimiento. F\u00e1cil secado. Detalle reflectante en parte trasera .<\/p>","protected":false},"featured_media":201708,"comment_status":"open","ping_status":"closed","template":"","meta":{"_acf_changed":false},"product_brand":[14011],"product_cat":[13993,13939,13975,13973],"product_tag":[],"class_list":{"0":"post-201707","1":"product","2":"type-product","3":"status-publish","4":"has-post-thumbnail","6":"product_brand-roly","7":"product_cat-m-bermudas","8":"product_cat-deportivo","9":"product_cat-ropa-mujer","10":"product_cat-ropa","11":"tm-no-options","13":"first","14":"instock","15":"taxable","16":"shipping-taxable","17":"product-type-variable"},"acf":[],"_links":{"self":[{"href":"https:\/\/grupotextil.es\/en\/wp-json\/wp\/v2\/product\/201707","targetHints":{"allow":["GET"]}}],"collection":[{"href":"https:\/\/grupotextil.es\/en\/wp-json\/wp\/v2\/product"}],"about":[{"href":"https:\/\/grupotextil.es\/en\/wp-json\/wp\/v2\/types\/product"}],"replies":[{"embeddable":true,"href":"https:\/\/grupotextil.es\/en\/wp-json\/wp\/v2\/comments?post=201707"}],"wp:featuredmedia":[{"embeddable":true,"href":"https:\/\/grupotextil.es\/en\/wp-json\/wp\/v2\/media\/201708"}],"wp:attachment":[{"href":"https:\/\/grupotextil.es\/en\/wp-json\/wp\/v2\/media?parent=201707"}],"wp:term":[{"taxonomy":"product_brand","embeddable":true,"href":"https:\/\/grupotextil.es\/en\/wp-json\/wp\/v2\/product_brand?post=201707"},{"taxonomy":"product_cat","embeddable":true,"href":"https:\/\/grupotextil.es\/en\/wp-json\/wp\/v2\/product_cat?post=201707"},{"taxonomy":"product_tag","embeddable":true,"href":"https:\/\/grupotextil.es\/en\/wp-json\/wp\/v2\/product_tag?post=201707"}],"curies":[{"name":"wp","href":"https:\/\/api.w.org\/{rel}","templated":true}]}}

Pantalón Corto Roly Lanus 6655 Mujer

<p>Pantalón corto con malla interior. Cinturilla elástica con cordón interior cruzado para facilitar ajuste. Tejido transpirable con elastano para mayor libertad de movimiento. Fácil secado. Detalle reflectante en parte trasera .</p>
