{"id":208379,"date":"2026-03-04T01:20:52","date_gmt":"2026-03-04T00:20:52","guid":{"rendered":"https:\/\/grupotextil.es\/producto\/mochila-saco-roly-ninfa-7152\/"},"modified":"2026-03-04T06:14:34","modified_gmt":"2026-03-04T05:14:34","slug":"mochila-saco-roly-ninfa-7152","status":"publish","type":"product","link":"https:\/\/grupotextil.es\/en\/product\/mochila-saco-roly-ninfa-7152\/","title":{"rendered":"Mochila Saco Roly Ninfa 7152"},"content":{"rendered":"<p>Mochila multiusos con cordones de ajuste a la espalda. Cuenta con un bolsillo frontal con cierre de cremallera para el transporte de enseres m\u00e1s peque\u00f1os y salida para cables. Sus esquinas est\u00e1n reforzadas para una mayor seguridad.<\/p>","protected":false},"excerpt":{"rendered":"<p>Mochila multiusos con cordones de ajuste a la espalda. Cuenta con un bolsillo frontal con cierre de cremallera para el transporte de enseres m\u00e1s peque\u00f1os y salida para cables. Sus esquinas est\u00e1n reforzadas para una mayor seguridad.<\/p>","protected":false},"featured_media":208380,"comment_status":"open","ping_status":"closed","template":"","meta":{"_acf_changed":false},"product_brand":[14011],"product_cat":[13954],"product_tag":[],"class_list":{"0":"post-208379","1":"product","2":"type-product","3":"status-publish","4":"has-post-thumbnail","6":"product_brand-roly","7":"product_cat-acc-bolsas-y-mochilas","8":"tm-no-options","10":"first","11":"instock","12":"taxable","13":"shipping-taxable","14":"product-type-variable"},"acf":[],"_links":{"self":[{"href":"https:\/\/grupotextil.es\/en\/wp-json\/wp\/v2\/product\/208379","targetHints":{"allow":["GET"]}}],"collection":[{"href":"https:\/\/grupotextil.es\/en\/wp-json\/wp\/v2\/product"}],"about":[{"href":"https:\/\/grupotextil.es\/en\/wp-json\/wp\/v2\/types\/product"}],"replies":[{"embeddable":true,"href":"https:\/\/grupotextil.es\/en\/wp-json\/wp\/v2\/comments?post=208379"}],"wp:featuredmedia":[{"embeddable":true,"href":"https:\/\/grupotextil.es\/en\/wp-json\/wp\/v2\/media\/208380"}],"wp:attachment":[{"href":"https:\/\/grupotextil.es\/en\/wp-json\/wp\/v2\/media?parent=208379"}],"wp:term":[{"taxonomy":"product_brand","embeddable":true,"href":"https:\/\/grupotextil.es\/en\/wp-json\/wp\/v2\/product_brand?post=208379"},{"taxonomy":"product_cat","embeddable":true,"href":"https:\/\/grupotextil.es\/en\/wp-json\/wp\/v2\/product_cat?post=208379"},{"taxonomy":"product_tag","embeddable":true,"href":"https:\/\/grupotextil.es\/en\/wp-json\/wp\/v2\/product_tag?post=208379"}],"curies":[{"name":"wp","href":"https:\/\/api.w.org\/{rel}","templated":true}]}}

<p>Mochila multiusos con cordones de ajuste a la espalda. Cuenta con un bolsillo frontal con cierre de cremallera para el transporte de enseres más pequeños y salida para cables. Sus esquinas están reforzadas para una mayor seguridad.</p>
