{"id":208594,"date":"2026-03-04T01:23:14","date_gmt":"2026-03-04T00:23:14","guid":{"rendered":"https:\/\/grupotextil.es\/producto\/set-marcadores-stamina-kramer-1981\/"},"modified":"2026-03-04T06:14:35","modified_gmt":"2026-03-04T05:14:35","slug":"set-marcadores-stamina-kramer-1981","status":"publish","type":"product","link":"https:\/\/grupotextil.es\/en\/product\/set-marcadores-stamina-kramer-1981\/","title":{"rendered":"Set Marcadores Stamina Kramer 1981"},"content":{"rendered":"<p>Marcador 3 en 1 con forma triangular. El cuerpo est\u00e1 elaborado en PP. Incluye tres colores diferentes integrados en cada una de las esquinas de la forma del tri\u00e1ngulo, cada uno con su tapa individual transl\u00facida a conjunto del marcador.<\/p>","protected":false},"excerpt":{"rendered":"<p>Marcador 3 en 1 con forma triangular. El cuerpo est\u00e1 elaborado en PP. Incluye tres colores diferentes integrados en cada una de las esquinas de la forma del tri\u00e1ngulo, cada uno con su tapa individual transl\u00facida a conjunto del marcador.<\/p>","protected":false},"featured_media":208595,"comment_status":"open","ping_status":"closed","template":"","meta":{"_acf_changed":false},"product_brand":[14012],"product_cat":[14006,13972],"product_tag":[],"class_list":{"0":"post-208594","1":"product","2":"type-product","3":"status-publish","4":"has-post-thumbnail","6":"product_brand-stamina","7":"product_cat-acc-merchandising","8":"product_cat-oficina-y-escritura","9":"tm-no-options","11":"first","12":"outofstock","13":"taxable","14":"shipping-taxable","15":"product-type-variable"},"acf":[],"_links":{"self":[{"href":"https:\/\/grupotextil.es\/en\/wp-json\/wp\/v2\/product\/208594","targetHints":{"allow":["GET"]}}],"collection":[{"href":"https:\/\/grupotextil.es\/en\/wp-json\/wp\/v2\/product"}],"about":[{"href":"https:\/\/grupotextil.es\/en\/wp-json\/wp\/v2\/types\/product"}],"replies":[{"embeddable":true,"href":"https:\/\/grupotextil.es\/en\/wp-json\/wp\/v2\/comments?post=208594"}],"wp:featuredmedia":[{"embeddable":true,"href":"https:\/\/grupotextil.es\/en\/wp-json\/wp\/v2\/media\/208595"}],"wp:attachment":[{"href":"https:\/\/grupotextil.es\/en\/wp-json\/wp\/v2\/media?parent=208594"}],"wp:term":[{"taxonomy":"product_brand","embeddable":true,"href":"https:\/\/grupotextil.es\/en\/wp-json\/wp\/v2\/product_brand?post=208594"},{"taxonomy":"product_cat","embeddable":true,"href":"https:\/\/grupotextil.es\/en\/wp-json\/wp\/v2\/product_cat?post=208594"},{"taxonomy":"product_tag","embeddable":true,"href":"https:\/\/grupotextil.es\/en\/wp-json\/wp\/v2\/product_tag?post=208594"}],"curies":[{"name":"wp","href":"https:\/\/api.w.org\/{rel}","templated":true}]}}

<p>Marcador 3 en 1 con forma triangular. El cuerpo está elaborado en PP. Incluye tres colores diferentes integrados en cada una de las esquinas de la forma del triángulo, cada uno con su tapa individual translúcida a conjunto del marcador.</p>
