{"id":210003,"date":"2026-03-04T01:56:02","date_gmt":"2026-03-04T00:56:02","guid":{"rendered":"https:\/\/grupotextil.es\/producto\/mochila-stamina-lugo-1836\/"},"modified":"2026-03-04T06:14:44","modified_gmt":"2026-03-04T05:14:44","slug":"mochila-stamina-lugo-1836","status":"publish","type":"product","link":"https:\/\/grupotextil.es\/en\/product\/mochila-stamina-lugo-1836\/","title":{"rendered":"Mochila Stamina Lugo 1836"},"content":{"rendered":"<p>Mochila elaborada en suave nylon. Cuenta con un compartimento principal con bolsillo para port\u00e1til de hasta 16\u2033 y un bolsillo frontal exterior con cierre el\u00e1stico. Incorpora dos bolsillos laterales para botellas de agua con el\u00e1stico para mayor sujeci\u00f3n.<\/p>","protected":false},"excerpt":{"rendered":"<p>Mochila elaborada en suave nylon. Cuenta con un compartimento principal con bolsillo para port\u00e1til de hasta 16\u2033 y un bolsillo frontal exterior con cierre el\u00e1stico. Incorpora dos bolsillos laterales para botellas de agua con el\u00e1stico para mayor sujeci\u00f3n.<\/p>","protected":false},"featured_media":210004,"comment_status":"open","ping_status":"closed","template":"","meta":{"_acf_changed":false},"product_brand":[14012],"product_cat":[13954],"product_tag":[],"class_list":{"0":"post-210003","1":"product","2":"type-product","3":"status-publish","4":"has-post-thumbnail","6":"product_brand-stamina","7":"product_cat-acc-bolsas-y-mochilas","8":"tm-no-options","10":"first","11":"instock","12":"taxable","13":"shipping-taxable","14":"product-type-variable"},"acf":[],"_links":{"self":[{"href":"https:\/\/grupotextil.es\/en\/wp-json\/wp\/v2\/product\/210003","targetHints":{"allow":["GET"]}}],"collection":[{"href":"https:\/\/grupotextil.es\/en\/wp-json\/wp\/v2\/product"}],"about":[{"href":"https:\/\/grupotextil.es\/en\/wp-json\/wp\/v2\/types\/product"}],"replies":[{"embeddable":true,"href":"https:\/\/grupotextil.es\/en\/wp-json\/wp\/v2\/comments?post=210003"}],"wp:featuredmedia":[{"embeddable":true,"href":"https:\/\/grupotextil.es\/en\/wp-json\/wp\/v2\/media\/210004"}],"wp:attachment":[{"href":"https:\/\/grupotextil.es\/en\/wp-json\/wp\/v2\/media?parent=210003"}],"wp:term":[{"taxonomy":"product_brand","embeddable":true,"href":"https:\/\/grupotextil.es\/en\/wp-json\/wp\/v2\/product_brand?post=210003"},{"taxonomy":"product_cat","embeddable":true,"href":"https:\/\/grupotextil.es\/en\/wp-json\/wp\/v2\/product_cat?post=210003"},{"taxonomy":"product_tag","embeddable":true,"href":"https:\/\/grupotextil.es\/en\/wp-json\/wp\/v2\/product_tag?post=210003"}],"curies":[{"name":"wp","href":"https:\/\/api.w.org\/{rel}","templated":true}]}}

<p>Mochila elaborada en suave nylon. Cuenta con un compartimento principal con bolsillo para portátil de hasta 16″ y un bolsillo frontal exterior con cierre elástico. Incorpora dos bolsillos laterales para botellas de agua con elástico para mayor sujeción.</p>
