{"id":212546,"date":"2026-03-04T02:37:14","date_gmt":"2026-03-04T01:37:14","guid":{"rendered":"https:\/\/grupotextil.es\/producto\/taza-ceramica-stamina-longi-1613\/"},"modified":"2026-03-04T06:14:56","modified_gmt":"2026-03-04T05:14:56","slug":"taza-ceramica-stamina-longi-1613","status":"publish","type":"product","link":"https:\/\/grupotextil.es\/en\/product\/taza-ceramica-stamina-longi-1613\/","title":{"rendered":"Taza Cer\u00e1mica Stamina Longi 1613"},"content":{"rendered":"<p>Taza de cer\u00e1mica con base con dise\u00f1o biselado. Capacidad 300 ml. Cuenta con asa para un uso m\u00e1s c\u00f3modo. La cer\u00e1mica le otorga resistencia y durabilidad, lo que la convierte en la taza perfecta para tomar tus bebidas favoritas.<\/p>","protected":false},"excerpt":{"rendered":"<p>Taza de cer\u00e1mica con base con dise\u00f1o biselado. Capacidad 300 ml. Cuenta con asa para un uso m\u00e1s c\u00f3modo. La cer\u00e1mica le otorga resistencia y durabilidad, lo que la convierte en la taza perfecta para tomar tus bebidas favoritas.<\/p>","protected":false},"featured_media":212547,"comment_status":"open","ping_status":"closed","template":"","meta":{"_acf_changed":false},"product_brand":[14012],"product_cat":[14006,13971],"product_tag":[],"class_list":{"0":"post-212546","1":"product","2":"type-product","3":"status-publish","4":"has-post-thumbnail","6":"product_brand-stamina","7":"product_cat-acc-merchandising","8":"product_cat-mr-tazas","9":"tm-no-options","11":"first","12":"instock","13":"taxable","14":"shipping-taxable","15":"product-type-variable"},"acf":[],"_links":{"self":[{"href":"https:\/\/grupotextil.es\/en\/wp-json\/wp\/v2\/product\/212546","targetHints":{"allow":["GET"]}}],"collection":[{"href":"https:\/\/grupotextil.es\/en\/wp-json\/wp\/v2\/product"}],"about":[{"href":"https:\/\/grupotextil.es\/en\/wp-json\/wp\/v2\/types\/product"}],"replies":[{"embeddable":true,"href":"https:\/\/grupotextil.es\/en\/wp-json\/wp\/v2\/comments?post=212546"}],"wp:featuredmedia":[{"embeddable":true,"href":"https:\/\/grupotextil.es\/en\/wp-json\/wp\/v2\/media\/212547"}],"wp:attachment":[{"href":"https:\/\/grupotextil.es\/en\/wp-json\/wp\/v2\/media?parent=212546"}],"wp:term":[{"taxonomy":"product_brand","embeddable":true,"href":"https:\/\/grupotextil.es\/en\/wp-json\/wp\/v2\/product_brand?post=212546"},{"taxonomy":"product_cat","embeddable":true,"href":"https:\/\/grupotextil.es\/en\/wp-json\/wp\/v2\/product_cat?post=212546"},{"taxonomy":"product_tag","embeddable":true,"href":"https:\/\/grupotextil.es\/en\/wp-json\/wp\/v2\/product_tag?post=212546"}],"curies":[{"name":"wp","href":"https:\/\/api.w.org\/{rel}","templated":true}]}}

Taza Cerámica Stamina Longi 1613

<p>Taza de cerámica con base con diseño biselado. Capacidad 300 ml. Cuenta con asa para un uso más cómodo. La cerámica le otorga resistencia y durabilidad, lo que la convierte en la taza perfecta para tomar tus bebidas favoritas.</p>
