{"id":212980,"date":"2026-03-04T02:44:59","date_gmt":"2026-03-04T01:44:59","guid":{"rendered":"https:\/\/grupotextil.es\/producto\/lanyard-portamovil-stamina-nibis-1398\/"},"modified":"2026-03-04T06:15:00","modified_gmt":"2026-03-04T05:15:00","slug":"lanyard-portamovil-stamina-nibis-1398","status":"publish","type":"product","link":"https:\/\/grupotextil.es\/en\/product\/lanyard-portamovil-stamina-nibis-1398\/","title":{"rendered":"Lanyard Portam\u00f3vil Stamina Nibis 1398"},"content":{"rendered":"<p>Lanyard portam\u00f3vil de algod\u00f3n con detalle en bamb\u00fa y sistema de ajuste.<\/p>","protected":false},"excerpt":{"rendered":"<p>Lanyard portam\u00f3vil de algod\u00f3n con detalle en bamb\u00fa y sistema de ajuste.<\/p>","protected":false},"featured_media":212981,"comment_status":"open","ping_status":"closed","template":"","meta":{"_acf_changed":false},"product_brand":[14012],"product_cat":[9841],"product_tag":[],"class_list":{"0":"post-212980","1":"product","2":"type-product","3":"status-publish","4":"has-post-thumbnail","6":"product_brand-stamina","7":"product_cat-sostenible","8":"tm-no-options","10":"first","11":"instock","12":"taxable","13":"shipping-taxable","14":"product-type-variable"},"acf":[],"_links":{"self":[{"href":"https:\/\/grupotextil.es\/en\/wp-json\/wp\/v2\/product\/212980","targetHints":{"allow":["GET"]}}],"collection":[{"href":"https:\/\/grupotextil.es\/en\/wp-json\/wp\/v2\/product"}],"about":[{"href":"https:\/\/grupotextil.es\/en\/wp-json\/wp\/v2\/types\/product"}],"replies":[{"embeddable":true,"href":"https:\/\/grupotextil.es\/en\/wp-json\/wp\/v2\/comments?post=212980"}],"wp:featuredmedia":[{"embeddable":true,"href":"https:\/\/grupotextil.es\/en\/wp-json\/wp\/v2\/media\/212981"}],"wp:attachment":[{"href":"https:\/\/grupotextil.es\/en\/wp-json\/wp\/v2\/media?parent=212980"}],"wp:term":[{"taxonomy":"product_brand","embeddable":true,"href":"https:\/\/grupotextil.es\/en\/wp-json\/wp\/v2\/product_brand?post=212980"},{"taxonomy":"product_cat","embeddable":true,"href":"https:\/\/grupotextil.es\/en\/wp-json\/wp\/v2\/product_cat?post=212980"},{"taxonomy":"product_tag","embeddable":true,"href":"https:\/\/grupotextil.es\/en\/wp-json\/wp\/v2\/product_tag?post=212980"}],"curies":[{"name":"wp","href":"https:\/\/api.w.org\/{rel}","templated":true}]}}

Lanyard Portamóvil Stamina Nibis 1398

<p>Lanyard portamóvil de algodón con detalle en bambú y sistema de ajuste.</p>
