{"id":213131,"date":"2026-03-04T02:47:38","date_gmt":"2026-03-04T01:47:38","guid":{"rendered":"https:\/\/grupotextil.es\/producto\/cargador-inalambrico-stamina-siles-1761\/"},"modified":"2026-03-04T06:15:02","modified_gmt":"2026-03-04T05:15:02","slug":"cargador-inalambrico-stamina-siles-1761","status":"publish","type":"product","link":"https:\/\/grupotextil.es\/en\/product\/cargador-inalambrico-stamina-siles-1761\/","title":{"rendered":"Cargador Inal\u00e1mbrico Stamina Siles 1761"},"content":{"rendered":"<p>Cargador con superficie para carga inal\u00e1mbrica de 10W, con base elaborada en bamb\u00fa y cuerpo realizado en piedra de terrazo reciclado. Es compatible con dispositivos provistos de tecnolog\u00eda para carga inal\u00e1mbrica. Cable tipo C incluido. Presentaci\u00f3n en caja de dise\u00f1o eco individual.<\/p>","protected":false},"excerpt":{"rendered":"<p>Cargador con superficie para carga inal\u00e1mbrica de 10W, con base elaborada en bamb\u00fa y cuerpo realizado en piedra de terrazo reciclado. Es compatible con dispositivos provistos de tecnolog\u00eda para carga inal\u00e1mbrica. Cable tipo C incluido. Presentaci\u00f3n en caja de dise\u00f1o eco individual.<\/p>","protected":false},"featured_media":213132,"comment_status":"open","ping_status":"closed","template":"","meta":{"_acf_changed":false},"product_brand":[14012],"product_cat":[14006,13959],"product_tag":[],"class_list":{"0":"post-213131","1":"product","2":"type-product","3":"status-publish","4":"has-post-thumbnail","6":"product_brand-stamina","7":"product_cat-acc-merchandising","8":"product_cat-mr-tecnologia","9":"tm-no-options","11":"first","12":"instock","13":"taxable","14":"shipping-taxable","15":"product-type-variable"},"acf":[],"_links":{"self":[{"href":"https:\/\/grupotextil.es\/en\/wp-json\/wp\/v2\/product\/213131","targetHints":{"allow":["GET"]}}],"collection":[{"href":"https:\/\/grupotextil.es\/en\/wp-json\/wp\/v2\/product"}],"about":[{"href":"https:\/\/grupotextil.es\/en\/wp-json\/wp\/v2\/types\/product"}],"replies":[{"embeddable":true,"href":"https:\/\/grupotextil.es\/en\/wp-json\/wp\/v2\/comments?post=213131"}],"wp:featuredmedia":[{"embeddable":true,"href":"https:\/\/grupotextil.es\/en\/wp-json\/wp\/v2\/media\/213132"}],"wp:attachment":[{"href":"https:\/\/grupotextil.es\/en\/wp-json\/wp\/v2\/media?parent=213131"}],"wp:term":[{"taxonomy":"product_brand","embeddable":true,"href":"https:\/\/grupotextil.es\/en\/wp-json\/wp\/v2\/product_brand?post=213131"},{"taxonomy":"product_cat","embeddable":true,"href":"https:\/\/grupotextil.es\/en\/wp-json\/wp\/v2\/product_cat?post=213131"},{"taxonomy":"product_tag","embeddable":true,"href":"https:\/\/grupotextil.es\/en\/wp-json\/wp\/v2\/product_tag?post=213131"}],"curies":[{"name":"wp","href":"https:\/\/api.w.org\/{rel}","templated":true}]}}

Cargador Inalámbrico Stamina Siles 1761

<p>Cargador con superficie para carga inalámbrica de 10W, con base elaborada en bambú y cuerpo realizado en piedra de terrazo reciclado. Es compatible con dispositivos provistos de tecnología para carga inalámbrica. Cable tipo C incluido. Presentación en caja de diseño eco individual.</p>
