{"id":213421,"date":"2026-03-04T02:52:22","date_gmt":"2026-03-04T01:52:22","guid":{"rendered":"https:\/\/grupotextil.es\/producto\/bolsa-de-playa-stamina-sandy-1647\/"},"modified":"2026-03-04T06:15:04","modified_gmt":"2026-03-04T05:15:04","slug":"bolsa-de-playa-stamina-sandy-1647","status":"publish","type":"product","link":"https:\/\/grupotextil.es\/en\/product\/bolsa-de-playa-stamina-sandy-1647\/","title":{"rendered":"Bolsa De Playa Stamina Sandy 1647"},"content":{"rendered":"<p>Bolsa de playa realizada 100% en algod\u00f3n con resistentes asas de estilo n\u00e1utico fabricadas tambi\u00e9n en algod\u00f3n. Sus asas de 90 cm de longitud la convierten en una opci\u00f3n pr\u00e1ctica y c\u00f3moda.<\/p>","protected":false},"excerpt":{"rendered":"<p>Bolsa de playa realizada 100% en algod\u00f3n con resistentes asas de estilo n\u00e1utico fabricadas tambi\u00e9n en algod\u00f3n. Sus asas de 90 cm de longitud la convierten en una opci\u00f3n pr\u00e1ctica y c\u00f3moda.<\/p>","protected":false},"featured_media":213422,"comment_status":"open","ping_status":"closed","template":"","meta":{"_acf_changed":false},"product_brand":[14012],"product_cat":[13954],"product_tag":[],"class_list":{"0":"post-213421","1":"product","2":"type-product","3":"status-publish","4":"has-post-thumbnail","6":"product_brand-stamina","7":"product_cat-acc-bolsas-y-mochilas","8":"tm-no-options","10":"first","11":"instock","12":"taxable","13":"shipping-taxable","14":"product-type-variable"},"acf":[],"_links":{"self":[{"href":"https:\/\/grupotextil.es\/en\/wp-json\/wp\/v2\/product\/213421","targetHints":{"allow":["GET"]}}],"collection":[{"href":"https:\/\/grupotextil.es\/en\/wp-json\/wp\/v2\/product"}],"about":[{"href":"https:\/\/grupotextil.es\/en\/wp-json\/wp\/v2\/types\/product"}],"replies":[{"embeddable":true,"href":"https:\/\/grupotextil.es\/en\/wp-json\/wp\/v2\/comments?post=213421"}],"wp:featuredmedia":[{"embeddable":true,"href":"https:\/\/grupotextil.es\/en\/wp-json\/wp\/v2\/media\/213422"}],"wp:attachment":[{"href":"https:\/\/grupotextil.es\/en\/wp-json\/wp\/v2\/media?parent=213421"}],"wp:term":[{"taxonomy":"product_brand","embeddable":true,"href":"https:\/\/grupotextil.es\/en\/wp-json\/wp\/v2\/product_brand?post=213421"},{"taxonomy":"product_cat","embeddable":true,"href":"https:\/\/grupotextil.es\/en\/wp-json\/wp\/v2\/product_cat?post=213421"},{"taxonomy":"product_tag","embeddable":true,"href":"https:\/\/grupotextil.es\/en\/wp-json\/wp\/v2\/product_tag?post=213421"}],"curies":[{"name":"wp","href":"https:\/\/api.w.org\/{rel}","templated":true}]}}

<p>Bolsa de playa realizada 100% en algodón con resistentes asas de estilo náutico fabricadas también en algodón. Sus asas de 90 cm de longitud la convierten en una opción práctica y cómoda.</p>
