{"id":213435,"date":"2026-03-04T02:52:40","date_gmt":"2026-03-04T01:52:40","guid":{"rendered":"https:\/\/grupotextil.es\/producto\/bolsa-petate-stamina-torla-1588\/"},"modified":"2026-03-04T06:15:04","modified_gmt":"2026-03-04T05:15:04","slug":"bolsa-petate-stamina-torla-1588","status":"publish","type":"product","link":"https:\/\/grupotextil.es\/en\/product\/bolsa-petate-stamina-torla-1588\/","title":{"rendered":"Bolsa Petate Stamina Torla 1588"},"content":{"rendered":"<p>Bolsa petate realizada en algod\u00f3n reciclado. Cuenta con un compartimento principal amplio, adem\u00e1s de un bolsillo frontal con cierre de bot\u00f3n y bolsillo interior para el almacenamiento de peque\u00f1os objetos. Cuenta con un asa ajustable para mayor comodidad y versatilidad en el transporte, adapt\u00e1ndose a diferentes medidas de longitud.<\/p>","protected":false},"excerpt":{"rendered":"<p>Bolsa petate realizada en algod\u00f3n reciclado. Cuenta con un compartimento principal amplio, adem\u00e1s de un bolsillo frontal con cierre de bot\u00f3n y bolsillo interior para el almacenamiento de peque\u00f1os objetos. Cuenta con un asa ajustable para mayor comodidad y versatilidad en el transporte, adapt\u00e1ndose a diferentes medidas de longitud.<\/p>","protected":false},"featured_media":213436,"comment_status":"open","ping_status":"closed","template":"","meta":{"_acf_changed":false},"product_brand":[14012],"product_cat":[13954],"product_tag":[],"class_list":{"0":"post-213435","1":"product","2":"type-product","3":"status-publish","4":"has-post-thumbnail","6":"product_brand-stamina","7":"product_cat-acc-bolsas-y-mochilas","8":"tm-no-options","10":"first","11":"instock","12":"taxable","13":"shipping-taxable","14":"product-type-variable"},"acf":[],"_links":{"self":[{"href":"https:\/\/grupotextil.es\/en\/wp-json\/wp\/v2\/product\/213435","targetHints":{"allow":["GET"]}}],"collection":[{"href":"https:\/\/grupotextil.es\/en\/wp-json\/wp\/v2\/product"}],"about":[{"href":"https:\/\/grupotextil.es\/en\/wp-json\/wp\/v2\/types\/product"}],"replies":[{"embeddable":true,"href":"https:\/\/grupotextil.es\/en\/wp-json\/wp\/v2\/comments?post=213435"}],"wp:featuredmedia":[{"embeddable":true,"href":"https:\/\/grupotextil.es\/en\/wp-json\/wp\/v2\/media\/213436"}],"wp:attachment":[{"href":"https:\/\/grupotextil.es\/en\/wp-json\/wp\/v2\/media?parent=213435"}],"wp:term":[{"taxonomy":"product_brand","embeddable":true,"href":"https:\/\/grupotextil.es\/en\/wp-json\/wp\/v2\/product_brand?post=213435"},{"taxonomy":"product_cat","embeddable":true,"href":"https:\/\/grupotextil.es\/en\/wp-json\/wp\/v2\/product_cat?post=213435"},{"taxonomy":"product_tag","embeddable":true,"href":"https:\/\/grupotextil.es\/en\/wp-json\/wp\/v2\/product_tag?post=213435"}],"curies":[{"name":"wp","href":"https:\/\/api.w.org\/{rel}","templated":true}]}}

<p>Bolsa petate realizada en algodón reciclado. Cuenta con un compartimento principal amplio, además de un bolsillo frontal con cierre de botón y bolsillo interior para el almacenamiento de pequeños objetos. Cuenta con un asa ajustable para mayor comodidad y versatilidad en el transporte, adaptándose a diferentes medidas de longitud.</p>
