{"id":214464,"date":"2026-03-04T03:03:16","date_gmt":"2026-03-04T02:03:16","guid":{"rendered":"https:\/\/grupotextil.es\/producto\/chaqueta-stanley-stella-stanley-guider-stjm238\/"},"modified":"2026-03-04T23:53:27","modified_gmt":"2026-03-04T22:53:27","slug":"chaqueta-stanley-stella-stanley-guider-stjm238","status":"publish","type":"product","link":"https:\/\/grupotextil.es\/en\/product\/chaqueta-stanley-stella-stanley-guider-stjm238\/","title":{"rendered":"Chaqueta Stanley\/Stella Stanley Guider STJM238"},"content":{"rendered":"<p>Mangas montadas Ribete el\u00e1stico en el borde del cuello, pu\u00f1os y dobladillo Lazo de grosgrain en la parte interior del cuello Cremallera de espiral de nylon con tirador met\u00e1lico y final de cord\u00f3n Tejido cepillado con acabado antipeeling en el interior y exterior Bolsillos welt laterales con apertura de cremallera Cinta en el cuello posterior de poli\u00e9ster reciclado<\/p>","protected":false},"excerpt":{"rendered":"<p>Mangas montadas Ribete el\u00e1stico en el borde del cuello, pu\u00f1os y dobladillo Lazo de grosgrain en la parte interior del cuello Cremallera de espiral de nylon con tirador met\u00e1lico y final de cord\u00f3n Tejido cepillado con acabado antipeeling en el interior y exterior Bolsillos welt laterales con apertura de cremallera Cinta en el cuello posterior de poli\u00e9ster reciclado<\/p>","protected":false},"featured_media":214465,"comment_status":"open","ping_status":"closed","template":"","meta":{"_acf_changed":false},"product_brand":[14178],"product_cat":[13981,13990,13974,13975,13973],"product_tag":[],"class_list":{"0":"post-214464","1":"product","2":"type-product","3":"status-publish","4":"has-post-thumbnail","6":"product_brand-stanley-stella","7":"product_cat-h-chaquetas-y-abrigos","8":"product_cat-m-chaquetas-y-abrigos","9":"product_cat-ropa-hombre","10":"product_cat-ropa-mujer","11":"product_cat-ropa","12":"tm-no-options","14":"first","15":"instock","16":"featured","17":"taxable","18":"shipping-taxable","19":"product-type-variable"},"acf":[],"_links":{"self":[{"href":"https:\/\/grupotextil.es\/en\/wp-json\/wp\/v2\/product\/214464","targetHints":{"allow":["GET"]}}],"collection":[{"href":"https:\/\/grupotextil.es\/en\/wp-json\/wp\/v2\/product"}],"about":[{"href":"https:\/\/grupotextil.es\/en\/wp-json\/wp\/v2\/types\/product"}],"replies":[{"embeddable":true,"href":"https:\/\/grupotextil.es\/en\/wp-json\/wp\/v2\/comments?post=214464"}],"wp:featuredmedia":[{"embeddable":true,"href":"https:\/\/grupotextil.es\/en\/wp-json\/wp\/v2\/media\/214465"}],"wp:attachment":[{"href":"https:\/\/grupotextil.es\/en\/wp-json\/wp\/v2\/media?parent=214464"}],"wp:term":[{"taxonomy":"product_brand","embeddable":true,"href":"https:\/\/grupotextil.es\/en\/wp-json\/wp\/v2\/product_brand?post=214464"},{"taxonomy":"product_cat","embeddable":true,"href":"https:\/\/grupotextil.es\/en\/wp-json\/wp\/v2\/product_cat?post=214464"},{"taxonomy":"product_tag","embeddable":true,"href":"https:\/\/grupotextil.es\/en\/wp-json\/wp\/v2\/product_tag?post=214464"}],"curies":[{"name":"wp","href":"https:\/\/api.w.org\/{rel}","templated":true}]}}

<p>Mangas montadas Ribete elástico en el borde del cuello, puños y dobladillo Lazo de grosgrain en la parte interior del cuello Cremallera de espiral de nylon con tirador metálico y final de cordón Tejido cepillado con acabado antipeeling en el interior y exterior Bolsillos welt laterales con apertura de cremallera Cinta en el cuello posterior de poliéster reciclado</p>
