{"id":216839,"date":"2026-03-04T03:37:06","date_gmt":"2026-03-04T02:37:06","guid":{"rendered":"https:\/\/grupotextil.es\/producto\/cargador-inalambrico-stamina-alok-1151\/"},"modified":"2026-03-04T06:15:23","modified_gmt":"2026-03-04T05:15:23","slug":"cargador-inalambrico-stamina-alok-1151","status":"publish","type":"product","link":"https:\/\/grupotextil.es\/en\/product\/cargador-inalambrico-stamina-alok-1151\/","title":{"rendered":"Cargador Inal\u00e1mbrico Stamina Alok 1151"},"content":{"rendered":"<p>Cargador inal\u00e1mbrico plegable, con cuerpo elaborado en fibra de trigo y superficie de carga en bamb\u00fa. Con soporte multiposici\u00f3n para situar el smartphone tanto en vertical como en horizontal. Con potencia de carga de 10W. Compatible con dispositivos que admiten tecnolog\u00eda inal\u00e1mbrica. Cuenta con puerto de entrada Tipo C de conexi\u00f3n.<\/p>\n<p>&nbsp;<\/p>","protected":false},"excerpt":{"rendered":"<p>Cargador inal\u00e1mbrico plegable, con cuerpo elaborado en fibra de trigo y superficie de carga en bamb\u00fa. Con soporte multiposici\u00f3n para situar el smartphone tanto en vertical como en horizontal. Con potencia de carga de 10W. Compatible con dispositivos que admiten tecnolog\u00eda inal\u00e1mbrica. Cuenta con puerto de entrada Tipo C de conexi\u00f3n.<\/p>\n<p>&nbsp;<\/p>","protected":false},"featured_media":216840,"comment_status":"open","ping_status":"closed","template":"","meta":{"_acf_changed":false},"product_brand":[14012],"product_cat":[14006,13959],"product_tag":[],"class_list":{"0":"post-216839","1":"product","2":"type-product","3":"status-publish","4":"has-post-thumbnail","6":"product_brand-stamina","7":"product_cat-acc-merchandising","8":"product_cat-mr-tecnologia","9":"tm-no-options","11":"first","12":"instock","13":"taxable","14":"shipping-taxable","15":"product-type-variable"},"acf":[],"_links":{"self":[{"href":"https:\/\/grupotextil.es\/en\/wp-json\/wp\/v2\/product\/216839","targetHints":{"allow":["GET"]}}],"collection":[{"href":"https:\/\/grupotextil.es\/en\/wp-json\/wp\/v2\/product"}],"about":[{"href":"https:\/\/grupotextil.es\/en\/wp-json\/wp\/v2\/types\/product"}],"replies":[{"embeddable":true,"href":"https:\/\/grupotextil.es\/en\/wp-json\/wp\/v2\/comments?post=216839"}],"wp:featuredmedia":[{"embeddable":true,"href":"https:\/\/grupotextil.es\/en\/wp-json\/wp\/v2\/media\/216840"}],"wp:attachment":[{"href":"https:\/\/grupotextil.es\/en\/wp-json\/wp\/v2\/media?parent=216839"}],"wp:term":[{"taxonomy":"product_brand","embeddable":true,"href":"https:\/\/grupotextil.es\/en\/wp-json\/wp\/v2\/product_brand?post=216839"},{"taxonomy":"product_cat","embeddable":true,"href":"https:\/\/grupotextil.es\/en\/wp-json\/wp\/v2\/product_cat?post=216839"},{"taxonomy":"product_tag","embeddable":true,"href":"https:\/\/grupotextil.es\/en\/wp-json\/wp\/v2\/product_tag?post=216839"}],"curies":[{"name":"wp","href":"https:\/\/api.w.org\/{rel}","templated":true}]}}

Cargador Inalámbrico Stamina Alok 1151

<p>Cargador inalámbrico plegable, con cuerpo elaborado en fibra de trigo y superficie de carga en bambú. Con soporte multiposición para situar el smartphone tanto en vertical como en horizontal. Con potencia de carga de 10W. Compatible con dispositivos que admiten tecnología inalámbrica. Cuenta con puerto de entrada Tipo C de conexión.</p>
<p>&nbsp;</p>
