{"id":216849,"date":"2026-03-04T03:37:19","date_gmt":"2026-03-04T02:37:19","guid":{"rendered":"https:\/\/grupotextil.es\/producto\/cable-cargador-stamina-dione-1168\/"},"modified":"2026-03-04T06:15:23","modified_gmt":"2026-03-04T05:15:23","slug":"cable-cargador-stamina-dione-1168","status":"publish","type":"product","link":"https:\/\/grupotextil.es\/en\/product\/cable-cargador-stamina-dione-1168\/","title":{"rendered":"Cable Cargador Stamina Dione 1168"},"content":{"rendered":"<p>Cable cargador 4 en 1, con cuerpo fabricado en fibra de trigo y superficie en bamb\u00fa. Cables tambi\u00e9n en fibra de trigo. Cuenta con m\u00faltiples conexiones: entrada USB y Tipo C, y salidas Micro USB, Tipo C y Lightning. Aspecto compacto gracias a las ranuras de guardado de los cables. Con mosquet\u00f3n incorporado.<\/p>","protected":false},"excerpt":{"rendered":"<p>Cable cargador 4 en 1, con cuerpo fabricado en fibra de trigo y superficie en bamb\u00fa. Cables tambi\u00e9n en fibra de trigo. Cuenta con m\u00faltiples conexiones: entrada USB y Tipo C, y salidas Micro USB, Tipo C y Lightning. Aspecto compacto gracias a las ranuras de guardado de los cables. Con mosquet\u00f3n incorporado.<\/p>","protected":false},"featured_media":216850,"comment_status":"open","ping_status":"closed","template":"","meta":{"_acf_changed":false},"product_brand":[14012],"product_cat":[14006,13959],"product_tag":[],"class_list":{"0":"post-216849","1":"product","2":"type-product","3":"status-publish","4":"has-post-thumbnail","6":"product_brand-stamina","7":"product_cat-acc-merchandising","8":"product_cat-mr-tecnologia","9":"tm-no-options","11":"first","12":"instock","13":"taxable","14":"shipping-taxable","15":"product-type-variable"},"acf":[],"_links":{"self":[{"href":"https:\/\/grupotextil.es\/en\/wp-json\/wp\/v2\/product\/216849","targetHints":{"allow":["GET"]}}],"collection":[{"href":"https:\/\/grupotextil.es\/en\/wp-json\/wp\/v2\/product"}],"about":[{"href":"https:\/\/grupotextil.es\/en\/wp-json\/wp\/v2\/types\/product"}],"replies":[{"embeddable":true,"href":"https:\/\/grupotextil.es\/en\/wp-json\/wp\/v2\/comments?post=216849"}],"wp:featuredmedia":[{"embeddable":true,"href":"https:\/\/grupotextil.es\/en\/wp-json\/wp\/v2\/media\/216850"}],"wp:attachment":[{"href":"https:\/\/grupotextil.es\/en\/wp-json\/wp\/v2\/media?parent=216849"}],"wp:term":[{"taxonomy":"product_brand","embeddable":true,"href":"https:\/\/grupotextil.es\/en\/wp-json\/wp\/v2\/product_brand?post=216849"},{"taxonomy":"product_cat","embeddable":true,"href":"https:\/\/grupotextil.es\/en\/wp-json\/wp\/v2\/product_cat?post=216849"},{"taxonomy":"product_tag","embeddable":true,"href":"https:\/\/grupotextil.es\/en\/wp-json\/wp\/v2\/product_tag?post=216849"}],"curies":[{"name":"wp","href":"https:\/\/api.w.org\/{rel}","templated":true}]}}

<p>Cable cargador 4 en 1, con cuerpo fabricado en fibra de trigo y superficie en bambú. Cables también en fibra de trigo. Cuenta con múltiples conexiones: entrada USB y Tipo C, y salidas Micro USB, Tipo C y Lightning. Aspecto compacto gracias a las ranuras de guardado de los cables. Con mosquetón incorporado.</p>
