{"id":217010,"date":"2026-03-04T03:40:35","date_gmt":"2026-03-04T02:40:35","guid":{"rendered":"https:\/\/grupotextil.es\/producto\/boligrafo-stamina-nebel-1243\/"},"modified":"2026-03-04T06:15:25","modified_gmt":"2026-03-04T05:15:25","slug":"boligrafo-stamina-nebel-1243","status":"publish","type":"product","link":"https:\/\/grupotextil.es\/en\/product\/boligrafo-stamina-nebel-1243\/","title":{"rendered":"Bol\u00edgrafo Stamina Nebel 1243"},"content":{"rendered":"<p>Bol\u00edgrafo de 3 tintas con pulsador retr\u00e1ctil, tintas disponibles: azul, negra y roja. El cuerpo del bol\u00edgrafo est\u00e1 hecho de ABS y empu\u00f1adura de bamb\u00fa. Con un puntero t\u00e1ctil en el extremo opuesto para interactuar en dispositivos t\u00e1ctiles.<\/p>","protected":false},"excerpt":{"rendered":"<p>Bol\u00edgrafo de 3 tintas con pulsador retr\u00e1ctil, tintas disponibles: azul, negra y roja. El cuerpo del bol\u00edgrafo est\u00e1 hecho de ABS y empu\u00f1adura de bamb\u00fa. Con un puntero t\u00e1ctil en el extremo opuesto para interactuar en dispositivos t\u00e1ctiles.<\/p>","protected":false},"featured_media":217011,"comment_status":"open","ping_status":"closed","template":"","meta":{"_acf_changed":false},"product_brand":[14012],"product_cat":[14006,13972],"product_tag":[],"class_list":{"0":"post-217010","1":"product","2":"type-product","3":"status-publish","4":"has-post-thumbnail","6":"product_brand-stamina","7":"product_cat-acc-merchandising","8":"product_cat-oficina-y-escritura","9":"tm-no-options","11":"first","12":"instock","13":"taxable","14":"shipping-taxable","15":"product-type-variable"},"acf":[],"_links":{"self":[{"href":"https:\/\/grupotextil.es\/en\/wp-json\/wp\/v2\/product\/217010","targetHints":{"allow":["GET"]}}],"collection":[{"href":"https:\/\/grupotextil.es\/en\/wp-json\/wp\/v2\/product"}],"about":[{"href":"https:\/\/grupotextil.es\/en\/wp-json\/wp\/v2\/types\/product"}],"replies":[{"embeddable":true,"href":"https:\/\/grupotextil.es\/en\/wp-json\/wp\/v2\/comments?post=217010"}],"wp:featuredmedia":[{"embeddable":true,"href":"https:\/\/grupotextil.es\/en\/wp-json\/wp\/v2\/media\/217011"}],"wp:attachment":[{"href":"https:\/\/grupotextil.es\/en\/wp-json\/wp\/v2\/media?parent=217010"}],"wp:term":[{"taxonomy":"product_brand","embeddable":true,"href":"https:\/\/grupotextil.es\/en\/wp-json\/wp\/v2\/product_brand?post=217010"},{"taxonomy":"product_cat","embeddable":true,"href":"https:\/\/grupotextil.es\/en\/wp-json\/wp\/v2\/product_cat?post=217010"},{"taxonomy":"product_tag","embeddable":true,"href":"https:\/\/grupotextil.es\/en\/wp-json\/wp\/v2\/product_tag?post=217010"}],"curies":[{"name":"wp","href":"https:\/\/api.w.org\/{rel}","templated":true}]}}

Bolígrafo Stamina Nebel 1243

<p>Bolígrafo de 3 tintas con pulsador retráctil, tintas disponibles: azul, negra y roja. El cuerpo del bolígrafo está hecho de ABS y empuñadura de bambú. Con un puntero táctil en el extremo opuesto para interactuar en dispositivos táctiles.</p>
