{"id":217025,"date":"2026-03-04T03:40:47","date_gmt":"2026-03-04T02:40:47","guid":{"rendered":"https:\/\/grupotextil.es\/producto\/boligrafo-stamina-varel-1245\/"},"modified":"2026-03-04T06:15:25","modified_gmt":"2026-03-04T05:15:25","slug":"boligrafo-stamina-varel-1245","status":"publish","type":"product","link":"https:\/\/grupotextil.es\/en\/product\/boligrafo-stamina-varel-1245\/","title":{"rendered":"Bol\u00edgrafo Stamina Varel 1245"},"content":{"rendered":"<p>Bol\u00edgrafo con cuerpo elaborado en bamb\u00fa y pulsador en acabado met\u00e1lico. Con puntero t\u00e1ctil incorporado y mecanismo pulsador. Tinta azul.<\/p>","protected":false},"excerpt":{"rendered":"<p>Bol\u00edgrafo con cuerpo elaborado en bamb\u00fa y pulsador en acabado met\u00e1lico. Con puntero t\u00e1ctil incorporado y mecanismo pulsador. Tinta azul.<\/p>","protected":false},"featured_media":217026,"comment_status":"open","ping_status":"closed","template":"","meta":{"_acf_changed":false},"product_brand":[14012],"product_cat":[14006,13972],"product_tag":[],"class_list":{"0":"post-217025","1":"product","2":"type-product","3":"status-publish","4":"has-post-thumbnail","6":"product_brand-stamina","7":"product_cat-acc-merchandising","8":"product_cat-oficina-y-escritura","9":"tm-no-options","11":"first","12":"instock","13":"taxable","14":"shipping-taxable","15":"product-type-variable"},"acf":[],"_links":{"self":[{"href":"https:\/\/grupotextil.es\/en\/wp-json\/wp\/v2\/product\/217025","targetHints":{"allow":["GET"]}}],"collection":[{"href":"https:\/\/grupotextil.es\/en\/wp-json\/wp\/v2\/product"}],"about":[{"href":"https:\/\/grupotextil.es\/en\/wp-json\/wp\/v2\/types\/product"}],"replies":[{"embeddable":true,"href":"https:\/\/grupotextil.es\/en\/wp-json\/wp\/v2\/comments?post=217025"}],"wp:featuredmedia":[{"embeddable":true,"href":"https:\/\/grupotextil.es\/en\/wp-json\/wp\/v2\/media\/217026"}],"wp:attachment":[{"href":"https:\/\/grupotextil.es\/en\/wp-json\/wp\/v2\/media?parent=217025"}],"wp:term":[{"taxonomy":"product_brand","embeddable":true,"href":"https:\/\/grupotextil.es\/en\/wp-json\/wp\/v2\/product_brand?post=217025"},{"taxonomy":"product_cat","embeddable":true,"href":"https:\/\/grupotextil.es\/en\/wp-json\/wp\/v2\/product_cat?post=217025"},{"taxonomy":"product_tag","embeddable":true,"href":"https:\/\/grupotextil.es\/en\/wp-json\/wp\/v2\/product_tag?post=217025"}],"curies":[{"name":"wp","href":"https:\/\/api.w.org\/{rel}","templated":true}]}}

Bolígrafo Stamina Varel 1245

<p>Bolígrafo con cuerpo elaborado en bambú y pulsador en acabado metálico. Con puntero táctil incorporado y mecanismo pulsador. Tinta azul.</p>
