{"id":217829,"date":"2026-03-04T03:52:15","date_gmt":"2026-03-04T02:52:15","guid":{"rendered":"https:\/\/grupotextil.es\/producto\/pano-de-cocina-stamina-nopal-9142\/"},"modified":"2026-03-04T06:15:30","modified_gmt":"2026-03-04T05:15:30","slug":"pano-de-cocina-stamina-nopal-9142","status":"publish","type":"product","link":"https:\/\/grupotextil.es\/en\/product\/pano-de-cocina-stamina-nopal-9142\/","title":{"rendered":"Pa\u00f1o de Cocina Stamina Nopal 9142"},"content":{"rendered":"<p>Pa\u00f1o de cocina 100% algod\u00f3n de 180 g\/m\u00b2. Incluye cinta para colgar.<\/p>","protected":false},"excerpt":{"rendered":"<p>Pa\u00f1o de cocina 100% algod\u00f3n de 180 g\/m\u00b2. Incluye cinta para colgar.<\/p>","protected":false},"featured_media":217830,"comment_status":"open","ping_status":"closed","template":"","meta":{"_acf_changed":false},"product_brand":[14012],"product_cat":[14006,13971],"product_tag":[],"class_list":{"0":"post-217829","1":"product","2":"type-product","3":"status-publish","4":"has-post-thumbnail","6":"product_brand-stamina","7":"product_cat-acc-merchandising","8":"product_cat-mr-tazas","9":"tm-no-options","11":"first","12":"instock","13":"taxable","14":"shipping-taxable","15":"product-type-variable"},"acf":[],"_links":{"self":[{"href":"https:\/\/grupotextil.es\/en\/wp-json\/wp\/v2\/product\/217829","targetHints":{"allow":["GET"]}}],"collection":[{"href":"https:\/\/grupotextil.es\/en\/wp-json\/wp\/v2\/product"}],"about":[{"href":"https:\/\/grupotextil.es\/en\/wp-json\/wp\/v2\/types\/product"}],"replies":[{"embeddable":true,"href":"https:\/\/grupotextil.es\/en\/wp-json\/wp\/v2\/comments?post=217829"}],"wp:featuredmedia":[{"embeddable":true,"href":"https:\/\/grupotextil.es\/en\/wp-json\/wp\/v2\/media\/217830"}],"wp:attachment":[{"href":"https:\/\/grupotextil.es\/en\/wp-json\/wp\/v2\/media?parent=217829"}],"wp:term":[{"taxonomy":"product_brand","embeddable":true,"href":"https:\/\/grupotextil.es\/en\/wp-json\/wp\/v2\/product_brand?post=217829"},{"taxonomy":"product_cat","embeddable":true,"href":"https:\/\/grupotextil.es\/en\/wp-json\/wp\/v2\/product_cat?post=217829"},{"taxonomy":"product_tag","embeddable":true,"href":"https:\/\/grupotextil.es\/en\/wp-json\/wp\/v2\/product_tag?post=217829"}],"curies":[{"name":"wp","href":"https:\/\/api.w.org\/{rel}","templated":true}]}}

Paño de Cocina Stamina Nopal 9142

<p>Paño de cocina 100% algodón de 180 g/m². Incluye cinta para colgar.</p>
