{"id":217980,"date":"2026-03-04T03:54:47","date_gmt":"2026-03-04T02:54:47","guid":{"rendered":"https:\/\/grupotextil.es\/producto\/cuchara-de-cocina-bambu-natural-stamina-nori-4146\/"},"modified":"2026-03-04T06:15:31","modified_gmt":"2026-03-04T05:15:31","slug":"cuchara-de-cocina-bambu-natural-stamina-nori-4146","status":"publish","type":"product","link":"https:\/\/grupotextil.es\/en\/product\/cuchara-de-cocina-bambu-natural-stamina-nori-4146\/","title":{"rendered":"Cuchara de Cocina Bamb\u00fa Natural Stamina Nori 4146"},"content":{"rendered":"<p>Cuchara de cocina elaborada de bamb\u00fa natural. Cuchara reutilizable e id\u00f3nea para take away.<\/p>","protected":false},"excerpt":{"rendered":"<p>Cuchara de cocina elaborada de bamb\u00fa natural. Cuchara reutilizable e id\u00f3nea para take away.<\/p>","protected":false},"featured_media":217981,"comment_status":"open","ping_status":"closed","template":"","meta":{"_acf_changed":false},"product_brand":[14012],"product_cat":[14006,13971],"product_tag":[],"class_list":{"0":"post-217980","1":"product","2":"type-product","3":"status-publish","4":"has-post-thumbnail","6":"product_brand-stamina","7":"product_cat-acc-merchandising","8":"product_cat-mr-tazas","9":"tm-no-options","11":"first","12":"instock","13":"taxable","14":"shipping-taxable","15":"product-type-variable"},"acf":[],"_links":{"self":[{"href":"https:\/\/grupotextil.es\/en\/wp-json\/wp\/v2\/product\/217980","targetHints":{"allow":["GET"]}}],"collection":[{"href":"https:\/\/grupotextil.es\/en\/wp-json\/wp\/v2\/product"}],"about":[{"href":"https:\/\/grupotextil.es\/en\/wp-json\/wp\/v2\/types\/product"}],"replies":[{"embeddable":true,"href":"https:\/\/grupotextil.es\/en\/wp-json\/wp\/v2\/comments?post=217980"}],"wp:featuredmedia":[{"embeddable":true,"href":"https:\/\/grupotextil.es\/en\/wp-json\/wp\/v2\/media\/217981"}],"wp:attachment":[{"href":"https:\/\/grupotextil.es\/en\/wp-json\/wp\/v2\/media?parent=217980"}],"wp:term":[{"taxonomy":"product_brand","embeddable":true,"href":"https:\/\/grupotextil.es\/en\/wp-json\/wp\/v2\/product_brand?post=217980"},{"taxonomy":"product_cat","embeddable":true,"href":"https:\/\/grupotextil.es\/en\/wp-json\/wp\/v2\/product_cat?post=217980"},{"taxonomy":"product_tag","embeddable":true,"href":"https:\/\/grupotextil.es\/en\/wp-json\/wp\/v2\/product_tag?post=217980"}],"curies":[{"name":"wp","href":"https:\/\/api.w.org\/{rel}","templated":true}]}}

Cuchara de Cocina Bambú Natural Stamina Nori 4146

<p>Cuchara de cocina elaborada de bambú natural. Cuchara reutilizable e idónea para take away.</p>
