{"id":218000,"date":"2026-03-04T03:55:59","date_gmt":"2026-03-04T02:55:59","guid":{"rendered":"https:\/\/grupotextil.es\/producto\/mochila-ejecutiva-para-portatil-stamina-warka-7083\/"},"modified":"2026-03-04T06:15:31","modified_gmt":"2026-03-04T05:15:31","slug":"mochila-ejecutiva-para-portatil-stamina-warka-7083","status":"publish","type":"product","link":"https:\/\/grupotextil.es\/en\/product\/mochila-ejecutiva-para-portatil-stamina-warka-7083\/","title":{"rendered":"Mochila Ejecutiva para Port\u00e1til Stamina Warka 7083"},"content":{"rendered":"<p>Mochila ejecutiva de viaje realizada en poli\u00e9ster 300D. Dos bolsillos principales acolchados con compartimentos interiores y bolsillos ideales para port\u00e1til y Tablet. Espalda y cintas acolchadas. Bolsillo para ocultar las cintas y cinta para ajuste en trolley.<\/p>","protected":false},"excerpt":{"rendered":"<p>Mochila ejecutiva de viaje realizada en poli\u00e9ster 300D. Dos bolsillos principales acolchados con compartimentos interiores y bolsillos ideales para port\u00e1til y Tablet. Espalda y cintas acolchadas. Bolsillo para ocultar las cintas y cinta para ajuste en trolley.<\/p>","protected":false},"featured_media":218001,"comment_status":"open","ping_status":"closed","template":"","meta":{"_acf_changed":false},"product_brand":[14012],"product_cat":[13954],"product_tag":[],"class_list":{"0":"post-218000","1":"product","2":"type-product","3":"status-publish","4":"has-post-thumbnail","6":"product_brand-stamina","7":"product_cat-acc-bolsas-y-mochilas","8":"tm-no-options","10":"first","11":"instock","12":"taxable","13":"shipping-taxable","14":"product-type-variable"},"acf":[],"_links":{"self":[{"href":"https:\/\/grupotextil.es\/en\/wp-json\/wp\/v2\/product\/218000","targetHints":{"allow":["GET"]}}],"collection":[{"href":"https:\/\/grupotextil.es\/en\/wp-json\/wp\/v2\/product"}],"about":[{"href":"https:\/\/grupotextil.es\/en\/wp-json\/wp\/v2\/types\/product"}],"replies":[{"embeddable":true,"href":"https:\/\/grupotextil.es\/en\/wp-json\/wp\/v2\/comments?post=218000"}],"wp:featuredmedia":[{"embeddable":true,"href":"https:\/\/grupotextil.es\/en\/wp-json\/wp\/v2\/media\/218001"}],"wp:attachment":[{"href":"https:\/\/grupotextil.es\/en\/wp-json\/wp\/v2\/media?parent=218000"}],"wp:term":[{"taxonomy":"product_brand","embeddable":true,"href":"https:\/\/grupotextil.es\/en\/wp-json\/wp\/v2\/product_brand?post=218000"},{"taxonomy":"product_cat","embeddable":true,"href":"https:\/\/grupotextil.es\/en\/wp-json\/wp\/v2\/product_cat?post=218000"},{"taxonomy":"product_tag","embeddable":true,"href":"https:\/\/grupotextil.es\/en\/wp-json\/wp\/v2\/product_tag?post=218000"}],"curies":[{"name":"wp","href":"https:\/\/api.w.org\/{rel}","templated":true}]}}

Mochila Ejecutiva para Portátil Stamina Warka 7083

<p>Mochila ejecutiva de viaje realizada en poliéster 300D. Dos bolsillos principales acolchados con compartimentos interiores y bolsillos ideales para portátil y Tablet. Espalda y cintas acolchadas. Bolsillo para ocultar las cintas y cinta para ajuste en trolley.</p>
