{"id":218255,"date":"2026-03-04T04:01:08","date_gmt":"2026-03-04T03:01:08","guid":{"rendered":"https:\/\/grupotextil.es\/producto\/jarra-de-ceramica-sublimacion-stamina-samui-3987\/"},"modified":"2026-03-04T06:15:33","modified_gmt":"2026-03-04T05:15:33","slug":"jarra-de-ceramica-sublimacion-stamina-samui-3987","status":"publish","type":"product","link":"https:\/\/grupotextil.es\/en\/product\/jarra-de-ceramica-sublimacion-stamina-samui-3987\/","title":{"rendered":"Jarra de Cer\u00e1mica Sublimaci\u00f3n Stamina Samui 3987"},"content":{"rendered":"<p>Jarra de cer\u00e1mica con acabado brillante especial sublimaci\u00f3n. Id\u00f3nea jarra para personalizarla con una creatividad diferente. Gran capacidad 700ml. C\u00f3moda jarra gracias a sus amplias asas.<\/p>","protected":false},"excerpt":{"rendered":"<p>Jarra de cer\u00e1mica con acabado brillante especial sublimaci\u00f3n. Id\u00f3nea jarra para personalizarla con una creatividad diferente. Gran capacidad 700ml. C\u00f3moda jarra gracias a sus amplias asas.<\/p>","protected":false},"featured_media":218256,"comment_status":"open","ping_status":"closed","template":"","meta":{"_acf_changed":false},"product_brand":[14012],"product_cat":[14006,13971],"product_tag":[],"class_list":{"0":"post-218255","1":"product","2":"type-product","3":"status-publish","4":"has-post-thumbnail","6":"product_brand-stamina","7":"product_cat-acc-merchandising","8":"product_cat-mr-tazas","9":"tm-no-options","11":"first","12":"instock","13":"taxable","14":"shipping-taxable","15":"product-type-variable"},"acf":[],"_links":{"self":[{"href":"https:\/\/grupotextil.es\/en\/wp-json\/wp\/v2\/product\/218255","targetHints":{"allow":["GET"]}}],"collection":[{"href":"https:\/\/grupotextil.es\/en\/wp-json\/wp\/v2\/product"}],"about":[{"href":"https:\/\/grupotextil.es\/en\/wp-json\/wp\/v2\/types\/product"}],"replies":[{"embeddable":true,"href":"https:\/\/grupotextil.es\/en\/wp-json\/wp\/v2\/comments?post=218255"}],"wp:featuredmedia":[{"embeddable":true,"href":"https:\/\/grupotextil.es\/en\/wp-json\/wp\/v2\/media\/218256"}],"wp:attachment":[{"href":"https:\/\/grupotextil.es\/en\/wp-json\/wp\/v2\/media?parent=218255"}],"wp:term":[{"taxonomy":"product_brand","embeddable":true,"href":"https:\/\/grupotextil.es\/en\/wp-json\/wp\/v2\/product_brand?post=218255"},{"taxonomy":"product_cat","embeddable":true,"href":"https:\/\/grupotextil.es\/en\/wp-json\/wp\/v2\/product_cat?post=218255"},{"taxonomy":"product_tag","embeddable":true,"href":"https:\/\/grupotextil.es\/en\/wp-json\/wp\/v2\/product_tag?post=218255"}],"curies":[{"name":"wp","href":"https:\/\/api.w.org\/{rel}","templated":true}]}}

Jarra de Cerámica Sublimación Stamina Samui 3987

<p>Jarra de cerámica con acabado brillante especial sublimación. Idónea jarra para personalizarla con una creatividad diferente. Gran capacidad 700ml. Cómoda jarra gracias a sus amplias asas.</p>
