{"id":219241,"date":"2026-03-04T04:14:58","date_gmt":"2026-03-04T03:14:58","guid":{"rendered":"https:\/\/grupotextil.es\/producto\/vela-aromatica-con-tarjeta-de-carton-kraft-stamina-surna-1313\/"},"modified":"2026-03-04T06:15:39","modified_gmt":"2026-03-04T05:15:39","slug":"vela-aromatica-con-tarjeta-de-carton-kraft-stamina-surna-1313","status":"publish","type":"product","link":"https:\/\/grupotextil.es\/en\/product\/vela-aromatica-con-tarjeta-de-carton-kraft-stamina-surna-1313\/","title":{"rendered":"Vela Arom\u00e1tica con Tarjeta de Cart\u00f3n Kraft Stamina Surna 1313"},"content":{"rendered":"<p>Vela arom\u00e1tica en recipiente de cristal y tap\u00f3n de corcho. Aroma vainilla. Incluye tarjeta de cart\u00f3n kraft para marcaje.<\/p>","protected":false},"excerpt":{"rendered":"<p>Vela arom\u00e1tica en recipiente de cristal y tap\u00f3n de corcho. Aroma vainilla. Incluye tarjeta de cart\u00f3n kraft para marcaje.<\/p>","protected":false},"featured_media":219242,"comment_status":"open","ping_status":"closed","template":"","meta":{"_acf_changed":false},"product_brand":[14012],"product_cat":[13973],"product_tag":[],"class_list":{"0":"post-219241","1":"product","2":"type-product","3":"status-publish","4":"has-post-thumbnail","6":"product_brand-stamina","7":"product_cat-ropa","8":"tm-no-options","10":"first","11":"instock","12":"taxable","13":"shipping-taxable","14":"product-type-variable"},"acf":[],"_links":{"self":[{"href":"https:\/\/grupotextil.es\/en\/wp-json\/wp\/v2\/product\/219241","targetHints":{"allow":["GET"]}}],"collection":[{"href":"https:\/\/grupotextil.es\/en\/wp-json\/wp\/v2\/product"}],"about":[{"href":"https:\/\/grupotextil.es\/en\/wp-json\/wp\/v2\/types\/product"}],"replies":[{"embeddable":true,"href":"https:\/\/grupotextil.es\/en\/wp-json\/wp\/v2\/comments?post=219241"}],"wp:featuredmedia":[{"embeddable":true,"href":"https:\/\/grupotextil.es\/en\/wp-json\/wp\/v2\/media\/219242"}],"wp:attachment":[{"href":"https:\/\/grupotextil.es\/en\/wp-json\/wp\/v2\/media?parent=219241"}],"wp:term":[{"taxonomy":"product_brand","embeddable":true,"href":"https:\/\/grupotextil.es\/en\/wp-json\/wp\/v2\/product_brand?post=219241"},{"taxonomy":"product_cat","embeddable":true,"href":"https:\/\/grupotextil.es\/en\/wp-json\/wp\/v2\/product_cat?post=219241"},{"taxonomy":"product_tag","embeddable":true,"href":"https:\/\/grupotextil.es\/en\/wp-json\/wp\/v2\/product_tag?post=219241"}],"curies":[{"name":"wp","href":"https:\/\/api.w.org\/{rel}","templated":true}]}}

Vela Aromática con Tarjeta de Cartón Kraft Stamina Surna 1313

<p>Vela aromática en recipiente de cristal y tapón de corcho. Aroma vainilla. Incluye tarjeta de cartón kraft para marcaje.</p>
