{"id":219450,"date":"2026-03-04T04:17:31","date_gmt":"2026-03-04T03:17:31","guid":{"rendered":"https:\/\/grupotextil.es\/producto\/camiseta-unisex-stanley-stella-freestyler-sttu788\/"},"modified":"2026-03-10T01:58:19","modified_gmt":"2026-03-10T00:58:19","slug":"camiseta-unisex-stanley-stella-freestyler-sttu788","status":"publish","type":"product","link":"https:\/\/grupotextil.es\/en\/product\/camiseta-unisex-stanley-stella-freestyler-sttu788\/","title":{"rendered":"Camiseta unisex Stanley\/Stella Freestyler STTU788"},"content":{"rendered":"<p>Manga montada Cuello en punto el\u00e1stico 1&nbsp;x&nbsp;1 Cinta interior trasera del cuello en el mismo tejido Pu\u00f1os y bajos con pespunte ancho doble Tejido algo m\u00e1s \u00e1spero<\/p>","protected":false},"excerpt":{"rendered":"<p>Manga montada Cuello en punto el\u00e1stico 1&nbsp;x&nbsp;1 Cinta interior trasera del cuello en el mismo tejido Pu\u00f1os y bajos con pespunte ancho doble Tejido algo m\u00e1s \u00e1spero<\/p>","protected":false},"featured_media":219451,"comment_status":"open","ping_status":"closed","template":"","meta":{"_acf_changed":false},"product_brand":[14178],"product_cat":[13977,13974,13973,9841],"product_tag":[],"class_list":{"0":"post-219450","1":"product","2":"type-product","3":"status-publish","4":"has-post-thumbnail","6":"product_brand-stanley-stella","7":"product_cat-h-camisetas-manga-corta","8":"product_cat-ropa-hombre","9":"product_cat-ropa","10":"product_cat-sostenible","11":"tm-no-options","13":"first","14":"instock","15":"taxable","16":"shipping-taxable","17":"product-type-variable"},"acf":[],"_links":{"self":[{"href":"https:\/\/grupotextil.es\/en\/wp-json\/wp\/v2\/product\/219450","targetHints":{"allow":["GET"]}}],"collection":[{"href":"https:\/\/grupotextil.es\/en\/wp-json\/wp\/v2\/product"}],"about":[{"href":"https:\/\/grupotextil.es\/en\/wp-json\/wp\/v2\/types\/product"}],"replies":[{"embeddable":true,"href":"https:\/\/grupotextil.es\/en\/wp-json\/wp\/v2\/comments?post=219450"}],"wp:featuredmedia":[{"embeddable":true,"href":"https:\/\/grupotextil.es\/en\/wp-json\/wp\/v2\/media\/219451"}],"wp:attachment":[{"href":"https:\/\/grupotextil.es\/en\/wp-json\/wp\/v2\/media?parent=219450"}],"wp:term":[{"taxonomy":"product_brand","embeddable":true,"href":"https:\/\/grupotextil.es\/en\/wp-json\/wp\/v2\/product_brand?post=219450"},{"taxonomy":"product_cat","embeddable":true,"href":"https:\/\/grupotextil.es\/en\/wp-json\/wp\/v2\/product_cat?post=219450"},{"taxonomy":"product_tag","embeddable":true,"href":"https:\/\/grupotextil.es\/en\/wp-json\/wp\/v2\/product_tag?post=219450"}],"curies":[{"name":"wp","href":"https:\/\/api.w.org\/{rel}","templated":true}]}}

<p>Manga montada Cuello en punto elástico 1&nbsp;x&nbsp;1 Cinta interior trasera del cuello en el mismo tejido Puños y bajos con pespunte ancho doble Tejido algo más áspero</p>
