{"id":219707,"date":"2026-03-04T04:22:54","date_gmt":"2026-03-04T03:22:54","guid":{"rendered":"https:\/\/grupotextil.es\/producto\/cargador-inalambrico-de-corcho-natural-y-fibra-de-trigo-stamina-sulac-3031\/"},"modified":"2026-03-04T06:15:42","modified_gmt":"2026-03-04T05:15:42","slug":"cargador-inalambrico-de-corcho-natural-y-fibra-de-trigo-stamina-sulac-3031","status":"publish","type":"product","link":"https:\/\/grupotextil.es\/en\/product\/cargador-inalambrico-de-corcho-natural-y-fibra-de-trigo-stamina-sulac-3031\/","title":{"rendered":"Cargador Inal\u00e1mbrico de Corcho Natural y Fibra de Trigo Stamina Sulac 3031"},"content":{"rendered":"<p><strong>PRODUCTO QUE SE DESCATALOGAR\u00c1 CUANDO SE AGOTEN LAS EXISTENCIAS<\/strong> \u2013 Cargador inal\u00e1mbrico con cuerpo de corcho natural y fibra de trigo. Con potencia de 15W. Cuenta con indicador luminoso de carga. Compatible con dispositivos provistos de tecnolog\u00eda de carga inal\u00e1mbrica. Cable de conexi\u00f3n, con dise\u00f1o eco, integrado.<\/p>","protected":false},"excerpt":{"rendered":"<p><strong>PRODUCTO QUE SE DESCATALOGAR\u00c1 CUANDO SE AGOTEN LAS EXISTENCIAS<\/strong> \u2013 Cargador inal\u00e1mbrico con cuerpo de corcho natural y fibra de trigo. Con potencia de 15W. Cuenta con indicador luminoso de carga. Compatible con dispositivos provistos de tecnolog\u00eda de carga inal\u00e1mbrica. Cable de conexi\u00f3n, con dise\u00f1o eco, integrado.<\/p>","protected":false},"featured_media":219708,"comment_status":"open","ping_status":"closed","template":"","meta":{"_acf_changed":false},"product_brand":[14012],"product_cat":[14006,13959],"product_tag":[],"class_list":{"0":"post-219707","1":"product","2":"type-product","3":"status-publish","4":"has-post-thumbnail","6":"product_brand-stamina","7":"product_cat-acc-merchandising","8":"product_cat-mr-tecnologia","9":"tm-no-options","11":"first","12":"instock","13":"taxable","14":"shipping-taxable","15":"product-type-variable"},"acf":[],"_links":{"self":[{"href":"https:\/\/grupotextil.es\/en\/wp-json\/wp\/v2\/product\/219707","targetHints":{"allow":["GET"]}}],"collection":[{"href":"https:\/\/grupotextil.es\/en\/wp-json\/wp\/v2\/product"}],"about":[{"href":"https:\/\/grupotextil.es\/en\/wp-json\/wp\/v2\/types\/product"}],"replies":[{"embeddable":true,"href":"https:\/\/grupotextil.es\/en\/wp-json\/wp\/v2\/comments?post=219707"}],"wp:featuredmedia":[{"embeddable":true,"href":"https:\/\/grupotextil.es\/en\/wp-json\/wp\/v2\/media\/219708"}],"wp:attachment":[{"href":"https:\/\/grupotextil.es\/en\/wp-json\/wp\/v2\/media?parent=219707"}],"wp:term":[{"taxonomy":"product_brand","embeddable":true,"href":"https:\/\/grupotextil.es\/en\/wp-json\/wp\/v2\/product_brand?post=219707"},{"taxonomy":"product_cat","embeddable":true,"href":"https:\/\/grupotextil.es\/en\/wp-json\/wp\/v2\/product_cat?post=219707"},{"taxonomy":"product_tag","embeddable":true,"href":"https:\/\/grupotextil.es\/en\/wp-json\/wp\/v2\/product_tag?post=219707"}],"curies":[{"name":"wp","href":"https:\/\/api.w.org\/{rel}","templated":true}]}}

Cargador Inalámbrico de Corcho Natural y Fibra de Trigo Stamina Sulac 3031

<p><strong>PRODUCTO QUE SE DESCATALOGARÁ CUANDO SE AGOTEN LAS EXISTENCIAS</strong> – Cargador inalámbrico con cuerpo de corcho natural y fibra de trigo. Con potencia de 15W. Cuenta con indicador luminoso de carga. Compatible con dispositivos provistos de tecnología de carga inalámbrica. Cable de conexión, con diseño eco, integrado.</p>
