{"id":219724,"date":"2026-03-04T04:23:20","date_gmt":"2026-03-04T03:23:20","guid":{"rendered":"https:\/\/grupotextil.es\/producto\/delantal-de-algodon-organico-con-bolsillo-stamina-oliver-9135\/"},"modified":"2026-03-04T06:15:43","modified_gmt":"2026-03-04T05:15:43","slug":"delantal-de-algodon-organico-con-bolsillo-stamina-oliver-9135","status":"publish","type":"product","link":"https:\/\/grupotextil.es\/en\/product\/delantal-de-algodon-organico-con-bolsillo-stamina-oliver-9135\/","title":{"rendered":"Delantal de Algod\u00f3n Org\u00e1nico con Bolsillo Stamina Oliver 9135"},"content":{"rendered":"<p>Delantal 100% algod\u00f3n org\u00e1nico con bolsillo frontal.<\/p>","protected":false},"excerpt":{"rendered":"<p>Delantal 100% algod\u00f3n org\u00e1nico con bolsillo frontal.<\/p>","protected":false},"featured_media":219725,"comment_status":"open","ping_status":"closed","template":"","meta":{"_acf_changed":false},"product_brand":[14012],"product_cat":[13948,14008,14007,9841],"product_tag":[],"class_list":{"0":"post-219724","1":"product","2":"type-product","3":"status-publish","4":"has-post-thumbnail","6":"product_brand-stamina","7":"product_cat-accesorios","8":"product_cat-accesorios-reciclados","9":"product_cat-ropa-organica","10":"product_cat-sostenible","11":"tm-no-options","13":"first","14":"instock","15":"taxable","16":"shipping-taxable","17":"product-type-variable"},"acf":[],"_links":{"self":[{"href":"https:\/\/grupotextil.es\/en\/wp-json\/wp\/v2\/product\/219724","targetHints":{"allow":["GET"]}}],"collection":[{"href":"https:\/\/grupotextil.es\/en\/wp-json\/wp\/v2\/product"}],"about":[{"href":"https:\/\/grupotextil.es\/en\/wp-json\/wp\/v2\/types\/product"}],"replies":[{"embeddable":true,"href":"https:\/\/grupotextil.es\/en\/wp-json\/wp\/v2\/comments?post=219724"}],"wp:featuredmedia":[{"embeddable":true,"href":"https:\/\/grupotextil.es\/en\/wp-json\/wp\/v2\/media\/219725"}],"wp:attachment":[{"href":"https:\/\/grupotextil.es\/en\/wp-json\/wp\/v2\/media?parent=219724"}],"wp:term":[{"taxonomy":"product_brand","embeddable":true,"href":"https:\/\/grupotextil.es\/en\/wp-json\/wp\/v2\/product_brand?post=219724"},{"taxonomy":"product_cat","embeddable":true,"href":"https:\/\/grupotextil.es\/en\/wp-json\/wp\/v2\/product_cat?post=219724"},{"taxonomy":"product_tag","embeddable":true,"href":"https:\/\/grupotextil.es\/en\/wp-json\/wp\/v2\/product_tag?post=219724"}],"curies":[{"name":"wp","href":"https:\/\/api.w.org\/{rel}","templated":true}]}}

Delantal de Algodón Orgánico con Bolsillo Stamina Oliver 9135

<p>Delantal 100% algodón orgánico con bolsillo frontal.</p>
