{"id":219741,"date":"2026-03-04T04:23:44","date_gmt":"2026-03-04T03:23:44","guid":{"rendered":"https:\/\/grupotextil.es\/producto\/espejo-stamina-belle-1231\/"},"modified":"2026-03-04T06:15:43","modified_gmt":"2026-03-04T05:15:43","slug":"espejo-stamina-belle-1231","status":"publish","type":"product","link":"https:\/\/grupotextil.es\/en\/product\/espejo-stamina-belle-1231\/","title":{"rendered":"Espejo Stamina Belle 1231"},"content":{"rendered":"<p>Espejo plegable de bolsillo en forma circular realizado en corcho natural y con detalles en metal cromado, una opci\u00f3n elegante y sostenible. Est\u00e1 compuesto por dos espejos, uno normal y otro de aumento que brinda una imagen m\u00e1s ampliada para detalles m\u00e1s precisos. Una opci\u00f3n vers\u00e1til y pr\u00e1ctica para su uso.<\/p>","protected":false},"excerpt":{"rendered":"<p>Espejo plegable de bolsillo en forma circular realizado en corcho natural y con detalles en metal cromado, una opci\u00f3n elegante y sostenible. Est\u00e1 compuesto por dos espejos, uno normal y otro de aumento que brinda una imagen m\u00e1s ampliada para detalles m\u00e1s precisos. Una opci\u00f3n vers\u00e1til y pr\u00e1ctica para su uso.<\/p>","protected":false},"featured_media":219742,"comment_status":"open","ping_status":"closed","template":"","meta":{"_acf_changed":false},"product_brand":[14012],"product_cat":[13973],"product_tag":[],"class_list":{"0":"post-219741","1":"product","2":"type-product","3":"status-publish","4":"has-post-thumbnail","6":"product_brand-stamina","7":"product_cat-ropa","8":"tm-no-options","10":"first","11":"instock","12":"taxable","13":"shipping-taxable","14":"product-type-variable"},"acf":[],"_links":{"self":[{"href":"https:\/\/grupotextil.es\/en\/wp-json\/wp\/v2\/product\/219741","targetHints":{"allow":["GET"]}}],"collection":[{"href":"https:\/\/grupotextil.es\/en\/wp-json\/wp\/v2\/product"}],"about":[{"href":"https:\/\/grupotextil.es\/en\/wp-json\/wp\/v2\/types\/product"}],"replies":[{"embeddable":true,"href":"https:\/\/grupotextil.es\/en\/wp-json\/wp\/v2\/comments?post=219741"}],"wp:featuredmedia":[{"embeddable":true,"href":"https:\/\/grupotextil.es\/en\/wp-json\/wp\/v2\/media\/219742"}],"wp:attachment":[{"href":"https:\/\/grupotextil.es\/en\/wp-json\/wp\/v2\/media?parent=219741"}],"wp:term":[{"taxonomy":"product_brand","embeddable":true,"href":"https:\/\/grupotextil.es\/en\/wp-json\/wp\/v2\/product_brand?post=219741"},{"taxonomy":"product_cat","embeddable":true,"href":"https:\/\/grupotextil.es\/en\/wp-json\/wp\/v2\/product_cat?post=219741"},{"taxonomy":"product_tag","embeddable":true,"href":"https:\/\/grupotextil.es\/en\/wp-json\/wp\/v2\/product_tag?post=219741"}],"curies":[{"name":"wp","href":"https:\/\/api.w.org\/{rel}","templated":true}]}}

<p>Espejo plegable de bolsillo en forma circular realizado en corcho natural y con detalles en metal cromado, una opción elegante y sostenible. Está compuesto por dos espejos, uno normal y otro de aumento que brinda una imagen más ampliada para detalles más precisos. Una opción versátil y práctica para su uso.</p>
