{"id":220130,"date":"2026-03-04T04:32:32","date_gmt":"2026-03-04T03:32:32","guid":{"rendered":"https:\/\/grupotextil.es\/producto\/gafas-de-sol-stamina-eden-8104\/"},"modified":"2026-03-04T06:15:47","modified_gmt":"2026-03-04T05:15:47","slug":"gafas-de-sol-stamina-eden-8104","status":"publish","type":"product","link":"https:\/\/grupotextil.es\/en\/product\/gafas-de-sol-stamina-eden-8104\/","title":{"rendered":"Gafas De Sol Stamina Eden 8104"},"content":{"rendered":"<p>Gafas de sol de atractivo dise\u00f1o con montura en acabado brillante y varillas en bamb\u00fa natural. Lentes con protecci\u00f3n UV400.<\/p>","protected":false},"excerpt":{"rendered":"<p>Gafas de sol de atractivo dise\u00f1o con montura en acabado brillante y varillas en bamb\u00fa natural. Lentes con protecci\u00f3n UV400.<\/p>","protected":false},"featured_media":220131,"comment_status":"open","ping_status":"closed","template":"","meta":{"_acf_changed":false},"product_brand":[14012],"product_cat":[13961,14006],"product_tag":[],"class_list":{"0":"post-220130","1":"product","2":"type-product","3":"status-publish","4":"has-post-thumbnail","6":"product_brand-stamina","7":"product_cat-mr-articulos-de-playa","8":"product_cat-acc-merchandising","9":"tm-no-options","11":"first","12":"instock","13":"taxable","14":"shipping-taxable","15":"product-type-variable"},"acf":[],"_links":{"self":[{"href":"https:\/\/grupotextil.es\/en\/wp-json\/wp\/v2\/product\/220130","targetHints":{"allow":["GET"]}}],"collection":[{"href":"https:\/\/grupotextil.es\/en\/wp-json\/wp\/v2\/product"}],"about":[{"href":"https:\/\/grupotextil.es\/en\/wp-json\/wp\/v2\/types\/product"}],"replies":[{"embeddable":true,"href":"https:\/\/grupotextil.es\/en\/wp-json\/wp\/v2\/comments?post=220130"}],"wp:featuredmedia":[{"embeddable":true,"href":"https:\/\/grupotextil.es\/en\/wp-json\/wp\/v2\/media\/220131"}],"wp:attachment":[{"href":"https:\/\/grupotextil.es\/en\/wp-json\/wp\/v2\/media?parent=220130"}],"wp:term":[{"taxonomy":"product_brand","embeddable":true,"href":"https:\/\/grupotextil.es\/en\/wp-json\/wp\/v2\/product_brand?post=220130"},{"taxonomy":"product_cat","embeddable":true,"href":"https:\/\/grupotextil.es\/en\/wp-json\/wp\/v2\/product_cat?post=220130"},{"taxonomy":"product_tag","embeddable":true,"href":"https:\/\/grupotextil.es\/en\/wp-json\/wp\/v2\/product_tag?post=220130"}],"curies":[{"name":"wp","href":"https:\/\/api.w.org\/{rel}","templated":true}]}}

<p>Gafas de sol de atractivo diseño con montura en acabado brillante y varillas en bambú natural. Lentes con protección UV400.</p>
