{"id":221802,"date":"2026-03-04T05:06:17","date_gmt":"2026-03-04T04:06:17","guid":{"rendered":"https:\/\/grupotextil.es\/producto\/cargador-inalambrico-stamina-falcon-3005\/"},"modified":"2026-03-04T06:15:59","modified_gmt":"2026-03-04T05:15:59","slug":"cargador-inalambrico-stamina-falcon-3005","status":"publish","type":"product","link":"https:\/\/grupotextil.es\/en\/product\/cargador-inalambrico-stamina-falcon-3005\/","title":{"rendered":"Cargador Inal\u00e1mbrico Stamina Falcon 3005"},"content":{"rendered":"<p>Cargador inal\u00e1mbrico con cuerpo realizado en aluminio con superficie en bamb\u00fa o color. Con 10W de potencia. Base antideslizante. Cuenta con indicador luminoso de carga. Compatible con dispositivos provistos de tecnolog\u00eda de carga de este tipo. Cable tipo C incluido. Presentaci\u00f3n en caja dise\u00f1o individual.<\/p>","protected":false},"excerpt":{"rendered":"<p>Cargador inal\u00e1mbrico con cuerpo realizado en aluminio con superficie en bamb\u00fa o color. Con 10W de potencia. Base antideslizante. Cuenta con indicador luminoso de carga. Compatible con dispositivos provistos de tecnolog\u00eda de carga de este tipo. Cable tipo C incluido. Presentaci\u00f3n en caja dise\u00f1o individual.<\/p>","protected":false},"featured_media":221803,"comment_status":"open","ping_status":"closed","template":"","meta":{"_acf_changed":false},"product_brand":[14012],"product_cat":[14006,13959],"product_tag":[],"class_list":{"0":"post-221802","1":"product","2":"type-product","3":"status-publish","4":"has-post-thumbnail","6":"product_brand-stamina","7":"product_cat-acc-merchandising","8":"product_cat-mr-tecnologia","9":"tm-no-options","11":"first","12":"outofstock","13":"taxable","14":"shipping-taxable","15":"product-type-variable"},"acf":[],"_links":{"self":[{"href":"https:\/\/grupotextil.es\/en\/wp-json\/wp\/v2\/product\/221802","targetHints":{"allow":["GET"]}}],"collection":[{"href":"https:\/\/grupotextil.es\/en\/wp-json\/wp\/v2\/product"}],"about":[{"href":"https:\/\/grupotextil.es\/en\/wp-json\/wp\/v2\/types\/product"}],"replies":[{"embeddable":true,"href":"https:\/\/grupotextil.es\/en\/wp-json\/wp\/v2\/comments?post=221802"}],"wp:featuredmedia":[{"embeddable":true,"href":"https:\/\/grupotextil.es\/en\/wp-json\/wp\/v2\/media\/221803"}],"wp:attachment":[{"href":"https:\/\/grupotextil.es\/en\/wp-json\/wp\/v2\/media?parent=221802"}],"wp:term":[{"taxonomy":"product_brand","embeddable":true,"href":"https:\/\/grupotextil.es\/en\/wp-json\/wp\/v2\/product_brand?post=221802"},{"taxonomy":"product_cat","embeddable":true,"href":"https:\/\/grupotextil.es\/en\/wp-json\/wp\/v2\/product_cat?post=221802"},{"taxonomy":"product_tag","embeddable":true,"href":"https:\/\/grupotextil.es\/en\/wp-json\/wp\/v2\/product_tag?post=221802"}],"curies":[{"name":"wp","href":"https:\/\/api.w.org\/{rel}","templated":true}]}}

Cargador Inalámbrico Stamina Falcon 3005

<p>Cargador inalámbrico con cuerpo realizado en aluminio con superficie en bambú o color. Con 10W de potencia. Base antideslizante. Cuenta con indicador luminoso de carga. Compatible con dispositivos provistos de tecnología de carga de este tipo. Cable tipo C incluido. Presentación en caja diseño individual.</p>
