{"id":224488,"date":"2026-03-04T06:08:15","date_gmt":"2026-03-04T05:08:15","guid":{"rendered":"https:\/\/grupotextil.es\/producto\/miami-roundneck\/"},"modified":"2026-04-26T04:05:24","modified_gmt":"2026-04-26T02:05:24","slug":"miami-roundneck","status":"publish","type":"product","link":"https:\/\/grupotextil.es\/en\/product\/miami-roundneck\/","title":{"rendered":"Miami Roundneck"},"content":{"rendered":"<p>Sudadera unisex de cuello redondo confeccionada en mezcla de algod\u00f3n y poli\u00e9ster reciclado. Interior afelpado, pu\u00f1os y bajo acanalados 2&#215;2 con doble costura. Cinta reforzada en el cuello y etiqueta f\u00e1cilmente extra\u00edble. El tejido suave y estabilizado est\u00e1 dise\u00f1ado para lavados intensos y cuenta con propiedades anti-pilling.<\/p>\n<p><strong>Composici\u00f3n:<\/strong> 80% Algod\u00f3n \/ 20% Poli\u00e9ster reciclado | <strong>Peso:<\/strong> 260 g\/m2 | <strong>Tallas:<\/strong> XS-4XL (580, 99: XS-5XL)<\/p>","protected":false},"excerpt":{"rendered":"<p>Sudadera unisex de cuello redondo confeccionada en mezcla de algod\u00f3n y poli\u00e9ster reciclado. Interior afelpado, pu\u00f1os y bajo acanalados 2&#215;2 con doble costura. Cinta reforzada en el cuello y etiqueta f\u00e1cilmente extra\u00edble. El tejido suave y estabilizado<\/p>","protected":false},"featured_media":233930,"comment_status":"open","ping_status":"closed","template":"","meta":{"_acf_changed":false},"product_brand":[10446],"product_cat":[15137,13980],"product_tag":[],"class_list":{"0":"post-224488","1":"product","2":"type-product","3":"status-publish","4":"has-post-thumbnail","6":"product_brand-clique","7":"product_cat-hombre-unisex-mujer","8":"product_cat-h-sudaderas","9":"tm-no-options","11":"first","12":"instock","13":"taxable","14":"shipping-taxable","15":"product-type-variable"},"acf":[],"_links":{"self":[{"href":"https:\/\/grupotextil.es\/en\/wp-json\/wp\/v2\/product\/224488","targetHints":{"allow":["GET"]}}],"collection":[{"href":"https:\/\/grupotextil.es\/en\/wp-json\/wp\/v2\/product"}],"about":[{"href":"https:\/\/grupotextil.es\/en\/wp-json\/wp\/v2\/types\/product"}],"replies":[{"embeddable":true,"href":"https:\/\/grupotextil.es\/en\/wp-json\/wp\/v2\/comments?post=224488"}],"wp:featuredmedia":[{"embeddable":true,"href":"https:\/\/grupotextil.es\/en\/wp-json\/wp\/v2\/media\/233930"}],"wp:attachment":[{"href":"https:\/\/grupotextil.es\/en\/wp-json\/wp\/v2\/media?parent=224488"}],"wp:term":[{"taxonomy":"product_brand","embeddable":true,"href":"https:\/\/grupotextil.es\/en\/wp-json\/wp\/v2\/product_brand?post=224488"},{"taxonomy":"product_cat","embeddable":true,"href":"https:\/\/grupotextil.es\/en\/wp-json\/wp\/v2\/product_cat?post=224488"},{"taxonomy":"product_tag","embeddable":true,"href":"https:\/\/grupotextil.es\/en\/wp-json\/wp\/v2\/product_tag?post=224488"}],"curies":[{"name":"wp","href":"https:\/\/api.w.org\/{rel}","templated":true}]}}

<p>Sudadera unisex de cuello redondo confeccionada en mezcla de algodón y poliéster reciclado. Interior afelpado, puños y bajo acanalados 2&#215;2 con doble costura. Cinta reforzada en el cuello y etiqueta fácilmente extraíble. El tejido suave y estabilizado está diseñado para lavados intensos y cuenta con propiedades anti-pilling.</p>
<p><strong>Composición:</strong> 80% Algodón / 20% Poliéster reciclado | <strong>Peso:</strong> 260 g/m2 | <strong>Tallas:</strong> XS-4XL (580, 99: XS-5XL)</p>

<p>Sudadera unisex de cuello redondo confeccionada en mezcla de algodón y poliéster reciclado. Interior afelpado, puños y bajo acanalados 2&#215;2 con doble costura. Cinta reforzada en el cuello y etiqueta fácilmente extraíble. El tejido suave y estabilizado</p>
