{"id":224739,"date":"2026-03-04T06:10:04","date_gmt":"2026-03-04T05:10:04","guid":{"rendered":"https:\/\/grupotextil.es\/producto\/classic-oc-t-junior\/"},"modified":"2026-04-26T04:05:24","modified_gmt":"2026-04-26T02:05:24","slug":"classic-oc-t-junior","status":"publish","type":"product","link":"https:\/\/grupotextil.es\/en\/product\/classic-oc-t-junior\/","title":{"rendered":"Classic OC-T Junior"},"content":{"rendered":"<p>Camiseta cl\u00e1sica hecha en 100% algod\u00f3n org\u00e1nico. Canal\u00e9 doble 1&#215;1 en cuello. Tapeta reforzada y costuras en hombros. F\u00e1cil reetiquetado. Prenda pre-encogida y tratamiento enzim\u00e1tico.<\/p>\n<p><strong>Composici\u00f3n:<\/strong> 100% algod\u00f3n org\u00e1nico | <strong>Peso:<\/strong> 160 g\/m2 | <strong>Tallas:<\/strong> 100 (3-5 A\u00f1os)-160 (12-14 A\u00f1os)<\/p>","protected":false},"excerpt":{"rendered":"<p>Camiseta cl\u00e1sica hecha en 100% algod\u00f3n org\u00e1nico. Canal\u00e9 doble 1&#215;1 en cuello. Tapeta reforzada y costuras en hombros. F\u00e1cil reetiquetado. Prenda pre-encogida y tratamiento enzim\u00e1tico.<\/p>","protected":false},"featured_media":233966,"comment_status":"open","ping_status":"closed","template":"","meta":{"_acf_changed":false},"product_brand":[10446],"product_cat":[13995],"product_tag":[],"class_list":{"0":"post-224739","1":"product","2":"type-product","3":"status-publish","4":"has-post-thumbnail","6":"product_brand-clique","7":"product_cat-n-camisetas","8":"tm-no-options","10":"first","11":"instock","12":"taxable","13":"shipping-taxable","14":"product-type-variable"},"acf":[],"_links":{"self":[{"href":"https:\/\/grupotextil.es\/en\/wp-json\/wp\/v2\/product\/224739","targetHints":{"allow":["GET"]}}],"collection":[{"href":"https:\/\/grupotextil.es\/en\/wp-json\/wp\/v2\/product"}],"about":[{"href":"https:\/\/grupotextil.es\/en\/wp-json\/wp\/v2\/types\/product"}],"replies":[{"embeddable":true,"href":"https:\/\/grupotextil.es\/en\/wp-json\/wp\/v2\/comments?post=224739"}],"wp:featuredmedia":[{"embeddable":true,"href":"https:\/\/grupotextil.es\/en\/wp-json\/wp\/v2\/media\/233966"}],"wp:attachment":[{"href":"https:\/\/grupotextil.es\/en\/wp-json\/wp\/v2\/media?parent=224739"}],"wp:term":[{"taxonomy":"product_brand","embeddable":true,"href":"https:\/\/grupotextil.es\/en\/wp-json\/wp\/v2\/product_brand?post=224739"},{"taxonomy":"product_cat","embeddable":true,"href":"https:\/\/grupotextil.es\/en\/wp-json\/wp\/v2\/product_cat?post=224739"},{"taxonomy":"product_tag","embeddable":true,"href":"https:\/\/grupotextil.es\/en\/wp-json\/wp\/v2\/product_tag?post=224739"}],"curies":[{"name":"wp","href":"https:\/\/api.w.org\/{rel}","templated":true}]}}

<p>Camiseta clásica hecha en 100% algodón orgánico. Canalé doble 1&#215;1 en cuello. Tapeta reforzada y costuras en hombros. Fácil reetiquetado. Prenda pre-encogida y tratamiento enzimático.</p>
<p><strong>Composición:</strong> 100% algodón orgánico | <strong>Peso:</strong> 160 g/m2 | <strong>Tallas:</strong> 100 (3-5 Años)-160 (12-14 Años)</p>

<p>Camiseta clásica hecha en 100% algodón orgánico. Canalé doble 1&#215;1 en cuello. Tapeta reforzada y costuras en hombros. Fácil reetiquetado. Prenda pre-encogida y tratamiento enzimático.</p>
