{"id":225613,"date":"2026-03-04T06:16:34","date_gmt":"2026-03-04T05:16:34","guid":{"rendered":"https:\/\/grupotextil.es\/producto\/bend\/"},"modified":"2026-04-26T04:05:27","modified_gmt":"2026-04-26T02:05:27","slug":"bend","status":"publish","type":"product","link":"https:\/\/grupotextil.es\/en\/product\/bend\/","title":{"rendered":"Bend"},"content":{"rendered":"<p>Pantal\u00f3n corto el\u00e1stico multibolsillos. Cintura el\u00e1stica y trabillas para un mejor ajuste. Dos bolsillos laterales y en pierna con cremallera y bolsillo trasero con cremallera oculta.<\/p>\n<p><strong>Composici\u00f3n:<\/strong> 92% Poli\u00e9ster 8% Spandex | <strong>Peso:<\/strong> 180 g\/m2 | <strong>Tallas:<\/strong> XS-3XL<\/p>","protected":false},"excerpt":{"rendered":"<p>Pantal\u00f3n corto el\u00e1stico multibolsillos. Cintura el\u00e1stica y trabillas para un mejor ajuste. Dos bolsillos laterales y en pierna con cremallera y bolsillo trasero con cremallera oculta.<\/p>","protected":false},"featured_media":234257,"comment_status":"open","ping_status":"closed","template":"","meta":{"_acf_changed":false},"product_brand":[10446],"product_cat":[15137,13983],"product_tag":[],"class_list":{"0":"post-225613","1":"product","2":"type-product","3":"status-publish","4":"has-post-thumbnail","6":"product_brand-clique","7":"product_cat-hombre-unisex-mujer","8":"product_cat-h-pantalones","9":"tm-no-options","11":"first","12":"instock","13":"taxable","14":"shipping-taxable","15":"product-type-variable"},"acf":[],"_links":{"self":[{"href":"https:\/\/grupotextil.es\/en\/wp-json\/wp\/v2\/product\/225613","targetHints":{"allow":["GET"]}}],"collection":[{"href":"https:\/\/grupotextil.es\/en\/wp-json\/wp\/v2\/product"}],"about":[{"href":"https:\/\/grupotextil.es\/en\/wp-json\/wp\/v2\/types\/product"}],"replies":[{"embeddable":true,"href":"https:\/\/grupotextil.es\/en\/wp-json\/wp\/v2\/comments?post=225613"}],"wp:featuredmedia":[{"embeddable":true,"href":"https:\/\/grupotextil.es\/en\/wp-json\/wp\/v2\/media\/234257"}],"wp:attachment":[{"href":"https:\/\/grupotextil.es\/en\/wp-json\/wp\/v2\/media?parent=225613"}],"wp:term":[{"taxonomy":"product_brand","embeddable":true,"href":"https:\/\/grupotextil.es\/en\/wp-json\/wp\/v2\/product_brand?post=225613"},{"taxonomy":"product_cat","embeddable":true,"href":"https:\/\/grupotextil.es\/en\/wp-json\/wp\/v2\/product_cat?post=225613"},{"taxonomy":"product_tag","embeddable":true,"href":"https:\/\/grupotextil.es\/en\/wp-json\/wp\/v2\/product_tag?post=225613"}],"curies":[{"name":"wp","href":"https:\/\/api.w.org\/{rel}","templated":true}]}}

<p>Pantalón corto elástico multibolsillos. Cintura elástica y trabillas para un mejor ajuste. Dos bolsillos laterales y en pierna con cremallera y bolsillo trasero con cremallera oculta.</p>
<p><strong>Composición:</strong> 92% Poliéster 8% Spandex | <strong>Peso:</strong> 180 g/m2 | <strong>Tallas:</strong> XS-3XL</p>

<p>Pantalón corto elástico multibolsillos. Cintura elástica y trabillas para un mejor ajuste. Dos bolsillos laterales y en pierna con cremallera y bolsillo trasero con cremallera oculta.</p>
