{"id":226469,"date":"2026-03-04T06:25:12","date_gmt":"2026-03-04T05:25:12","guid":{"rendered":"https:\/\/grupotextil.es\/producto\/2522-pantalon-corto-elastico\/"},"modified":"2026-04-26T04:05:31","modified_gmt":"2026-04-26T02:05:31","slug":"2522-pantalon-corto-elastico","status":"publish","type":"product","link":"https:\/\/grupotextil.es\/en\/product\/2522-pantalon-corto-elastico\/","title":{"rendered":"2522 PANTAL\u00d3N CORTO EL\u00c1STICO"},"content":{"rendered":"<p>Pantal\u00f3n corto de gran flexibilidad. Tejido el\u00e1stico en la zona trasera y entrepierna para proporcionar una mayor libertad de movimiento. Bolsillos en las piernas con cremallera, en el izquierdo con bolsillo interno para el m\u00f3vil y en el derecho con presilla interna para tarjeta identificativa. Trabilla m\u00e1s ancha en la parte trasera para evitar la presi\u00f3n del cintur\u00f3n. Bolsillos traseros con solapa y cierre de velcro. Fijaci\u00f3n oculta para bolsillos tipo funda (ref. art\u00edculo 9042). Bot\u00f3n oculto en la parte delantera.<\/p>\n<p><strong>Composici\u00f3n:<\/strong> Tejido 1: 65% Poli\u00e9ster, 35% algod\u00f3n, 230 g\/m2 Tejido 2:  92% Nylon, 8% spandex, 245 g\/m2 | <strong>Peso:<\/strong> 230 g\/m\u00b2 | <strong>Tallas:<\/strong> C44-C62<\/p>","protected":false},"excerpt":{"rendered":"<p>Pantal\u00f3n corto de gran flexibilidad. Tejido el\u00e1stico en la zona trasera y entrepierna para proporcionar una mayor libertad de movimiento. Bolsillos en las piernas con cremallera, en el izquierdo con bolsillo interno para el m\u00f3vil y en el derecho con<\/p>","protected":false},"featured_media":234666,"comment_status":"open","ping_status":"closed","template":"","meta":{"_acf_changed":false},"product_brand":[10531],"product_cat":[13983],"product_tag":[],"class_list":{"0":"post-226469","1":"product","2":"type-product","3":"status-publish","4":"has-post-thumbnail","6":"product_brand-projob","7":"product_cat-h-pantalones","8":"tm-no-options","10":"first","11":"instock","12":"taxable","13":"shipping-taxable","14":"product-type-variable"},"acf":[],"_links":{"self":[{"href":"https:\/\/grupotextil.es\/en\/wp-json\/wp\/v2\/product\/226469","targetHints":{"allow":["GET"]}}],"collection":[{"href":"https:\/\/grupotextil.es\/en\/wp-json\/wp\/v2\/product"}],"about":[{"href":"https:\/\/grupotextil.es\/en\/wp-json\/wp\/v2\/types\/product"}],"replies":[{"embeddable":true,"href":"https:\/\/grupotextil.es\/en\/wp-json\/wp\/v2\/comments?post=226469"}],"wp:featuredmedia":[{"embeddable":true,"href":"https:\/\/grupotextil.es\/en\/wp-json\/wp\/v2\/media\/234666"}],"wp:attachment":[{"href":"https:\/\/grupotextil.es\/en\/wp-json\/wp\/v2\/media?parent=226469"}],"wp:term":[{"taxonomy":"product_brand","embeddable":true,"href":"https:\/\/grupotextil.es\/en\/wp-json\/wp\/v2\/product_brand?post=226469"},{"taxonomy":"product_cat","embeddable":true,"href":"https:\/\/grupotextil.es\/en\/wp-json\/wp\/v2\/product_cat?post=226469"},{"taxonomy":"product_tag","embeddable":true,"href":"https:\/\/grupotextil.es\/en\/wp-json\/wp\/v2\/product_tag?post=226469"}],"curies":[{"name":"wp","href":"https:\/\/api.w.org\/{rel}","templated":true}]}}

2522 PANTALÓN CORTO ELÁSTICO

<p>Pantalón corto de gran flexibilidad. Tejido elástico en la zona trasera y entrepierna para proporcionar una mayor libertad de movimiento. Bolsillos en las piernas con cremallera, en el izquierdo con bolsillo interno para el móvil y en el derecho con presilla interna para tarjeta identificativa. Trabilla más ancha en la parte trasera para evitar la presión del cinturón. Bolsillos traseros con solapa y cierre de velcro. Fijación oculta para bolsillos tipo funda (ref. artículo 9042). Botón oculto en la parte delantera.</p>
<p><strong>Composición:</strong> Tejido 1: 65% Poliéster, 35% algodón, 230 g/m2 Tejido 2:  92% Nylon, 8% spandex, 245 g/m2 | <strong>Peso:</strong> 230 g/m² | <strong>Tallas:</strong> C44-C62</p>

<p>Pantalón corto de gran flexibilidad. Tejido elástico en la zona trasera y entrepierna para proporcionar una mayor libertad de movimiento. Bolsillos en las piernas con cremallera, en el izquierdo con bolsillo interno para el móvil y en el derecho con</p>
