{"id":226591,"date":"2026-03-04T06:26:21","date_gmt":"2026-03-04T05:26:21","guid":{"rendered":"https:\/\/grupotextil.es\/producto\/6550-pantalon-impermeable-clase-2-1\/"},"modified":"2026-04-26T04:05:32","modified_gmt":"2026-04-26T02:05:32","slug":"6550-pantalon-impermeable-clase-2-1","status":"publish","type":"product","link":"https:\/\/grupotextil.es\/en\/product\/6550-pantalon-impermeable-clase-2-1\/","title":{"rendered":"6550 PANTAL\u00d3N IMPERMEABLE CLASE 2\/1"},"content":{"rendered":"<p>Pantal\u00f3n cortaviento e impermeable con gran transpirabilidad. Costuras selladas. El material VentAir en tres capas mantiene el cuerpo seco todo el d\u00eda. Cintura el\u00e1stica con cord\u00f3n de ajuste. Amplios bolsillos laterales a ambos lados con cierre de cremallera, cubiertos con solapa para evitar filtraciones de agua. Cremalleras a lo largo de las piernas para facilitar el vestirse y desvestirse, cubiertas con solapa (35 cm en la talla L). Extremos de las piernas ajustables con velcro.<\/p>\n<p><strong>Composici\u00f3n:<\/strong> 100% poli\u00e9ster | <strong>Peso:<\/strong> 160 g\/m\u00b2 | <strong>Tallas:<\/strong> XS-4XL<\/p>","protected":false},"excerpt":{"rendered":"<p>Pantal\u00f3n cortaviento e impermeable con gran transpirabilidad. Costuras selladas. El material VentAir en tres capas mantiene el cuerpo seco todo el d\u00eda. Cintura el\u00e1stica con cord\u00f3n de ajuste. Amplios bolsillos laterales a ambos lados con cierre de cre<\/p>","protected":false},"featured_media":234720,"comment_status":"open","ping_status":"closed","template":"","meta":{"_acf_changed":false},"product_brand":[10531],"product_cat":[13983],"product_tag":[],"class_list":{"0":"post-226591","1":"product","2":"type-product","3":"status-publish","4":"has-post-thumbnail","6":"product_brand-projob","7":"product_cat-h-pantalones","8":"tm-no-options","10":"first","11":"instock","12":"taxable","13":"shipping-taxable","14":"product-type-variable"},"acf":[],"_links":{"self":[{"href":"https:\/\/grupotextil.es\/en\/wp-json\/wp\/v2\/product\/226591","targetHints":{"allow":["GET"]}}],"collection":[{"href":"https:\/\/grupotextil.es\/en\/wp-json\/wp\/v2\/product"}],"about":[{"href":"https:\/\/grupotextil.es\/en\/wp-json\/wp\/v2\/types\/product"}],"replies":[{"embeddable":true,"href":"https:\/\/grupotextil.es\/en\/wp-json\/wp\/v2\/comments?post=226591"}],"wp:featuredmedia":[{"embeddable":true,"href":"https:\/\/grupotextil.es\/en\/wp-json\/wp\/v2\/media\/234720"}],"wp:attachment":[{"href":"https:\/\/grupotextil.es\/en\/wp-json\/wp\/v2\/media?parent=226591"}],"wp:term":[{"taxonomy":"product_brand","embeddable":true,"href":"https:\/\/grupotextil.es\/en\/wp-json\/wp\/v2\/product_brand?post=226591"},{"taxonomy":"product_cat","embeddable":true,"href":"https:\/\/grupotextil.es\/en\/wp-json\/wp\/v2\/product_cat?post=226591"},{"taxonomy":"product_tag","embeddable":true,"href":"https:\/\/grupotextil.es\/en\/wp-json\/wp\/v2\/product_tag?post=226591"}],"curies":[{"name":"wp","href":"https:\/\/api.w.org\/{rel}","templated":true}]}}

6550 PANTALÓN IMPERMEABLE CLASE 2/1

<p>Pantalón cortaviento e impermeable con gran transpirabilidad. Costuras selladas. El material VentAir en tres capas mantiene el cuerpo seco todo el día. Cintura elástica con cordón de ajuste. Amplios bolsillos laterales a ambos lados con cierre de cremallera, cubiertos con solapa para evitar filtraciones de agua. Cremalleras a lo largo de las piernas para facilitar el vestirse y desvestirse, cubiertas con solapa (35 cm en la talla L). Extremos de las piernas ajustables con velcro.</p>
<p><strong>Composición:</strong> 100% poliéster | <strong>Peso:</strong> 160 g/m² | <strong>Tallas:</strong> XS-4XL</p>

<p>Pantalón cortaviento e impermeable con gran transpirabilidad. Costuras selladas. El material VentAir en tres capas mantiene el cuerpo seco todo el día. Cintura elástica con cordón de ajuste. Amplios bolsillos laterales a ambos lados con cierre de cre</p>
