{"id":226595,"date":"2026-03-04T06:26:24","date_gmt":"2026-03-04T05:26:24","guid":{"rendered":"https:\/\/grupotextil.es\/producto\/9080-calcetin-3-pack\/"},"modified":"2026-04-26T04:05:32","modified_gmt":"2026-04-26T02:05:32","slug":"9080-calcetin-3-pack","status":"publish","type":"product","link":"https:\/\/grupotextil.es\/en\/product\/9080-calcetin-3-pack\/","title":{"rendered":"9080 CALCET\u00cdN 3-PACK"},"content":{"rendered":"<p>Calcet\u00edn de trabajo el\u00e1stico en tejido semi-terry. Tejido con una mezcla de algod\u00f3n y poli\u00e9ster para una mejor durabilidad y comodidad.<\/p>\n<p><strong>Composici\u00f3n:<\/strong> 80% algod\u00f3n, 20% poli\u00e9ster | <strong>Tallas:<\/strong> 3538-4346<\/p>","protected":false},"excerpt":{"rendered":"<p>Calcet\u00edn de trabajo el\u00e1stico en tejido semi-terry. Tejido con una mezcla de algod\u00f3n y poli\u00e9ster para una mejor durabilidad y comodidad.<\/p>","protected":false},"featured_media":234723,"comment_status":"open","ping_status":"closed","template":"","meta":{"_acf_changed":false},"product_brand":[10531],"product_cat":[13983],"product_tag":[],"class_list":{"0":"post-226595","1":"product","2":"type-product","3":"status-publish","4":"has-post-thumbnail","6":"product_brand-projob","7":"product_cat-h-pantalones","8":"tm-no-options","10":"first","11":"instock","12":"taxable","13":"shipping-taxable","14":"product-type-variable"},"acf":[],"_links":{"self":[{"href":"https:\/\/grupotextil.es\/en\/wp-json\/wp\/v2\/product\/226595","targetHints":{"allow":["GET"]}}],"collection":[{"href":"https:\/\/grupotextil.es\/en\/wp-json\/wp\/v2\/product"}],"about":[{"href":"https:\/\/grupotextil.es\/en\/wp-json\/wp\/v2\/types\/product"}],"replies":[{"embeddable":true,"href":"https:\/\/grupotextil.es\/en\/wp-json\/wp\/v2\/comments?post=226595"}],"wp:featuredmedia":[{"embeddable":true,"href":"https:\/\/grupotextil.es\/en\/wp-json\/wp\/v2\/media\/234723"}],"wp:attachment":[{"href":"https:\/\/grupotextil.es\/en\/wp-json\/wp\/v2\/media?parent=226595"}],"wp:term":[{"taxonomy":"product_brand","embeddable":true,"href":"https:\/\/grupotextil.es\/en\/wp-json\/wp\/v2\/product_brand?post=226595"},{"taxonomy":"product_cat","embeddable":true,"href":"https:\/\/grupotextil.es\/en\/wp-json\/wp\/v2\/product_cat?post=226595"},{"taxonomy":"product_tag","embeddable":true,"href":"https:\/\/grupotextil.es\/en\/wp-json\/wp\/v2\/product_tag?post=226595"}],"curies":[{"name":"wp","href":"https:\/\/api.w.org\/{rel}","templated":true}]}}

9080 CALCETÍN 3-PACK

<p>Calcetín de trabajo elástico en tejido semi-terry. Tejido con una mezcla de algodón y poliéster para una mejor durabilidad y comodidad.</p>
<p><strong>Composición:</strong> 80% algodón, 20% poliéster | <strong>Tallas:</strong> 3538-4346</p>

<p>Calcetín de trabajo elástico en tejido semi-terry. Tejido con una mezcla de algodón y poliéster para una mejor durabilidad y comodidad.</p>
