{"id":226820,"date":"2026-03-04T06:28:31","date_gmt":"2026-03-04T05:28:31","guid":{"rendered":"https:\/\/grupotextil.es\/producto\/9057-proteccion-para-rodillas\/"},"modified":"2026-04-26T04:05:33","modified_gmt":"2026-04-26T02:05:33","slug":"9057-proteccion-para-rodillas","status":"publish","type":"product","link":"https:\/\/grupotextil.es\/en\/product\/9057-proteccion-para-rodillas\/","title":{"rendered":"9057 PROTECCI\u00d3N PARA RODILLAS"},"content":{"rendered":"<p>Protector de rodilla ergon\u00f3mico conforme en EVA Foam, \u00danica<\/p>\n<p><strong>Composici\u00f3n:<\/strong> 100% EVA, Ethylen Vinyl Acetat | <strong>Tallas:<\/strong> UD<\/p>","protected":false},"excerpt":{"rendered":"<p>Protector de rodilla ergon\u00f3mico conforme en EVA Foam, \u00danica<\/p>","protected":false},"featured_media":234834,"comment_status":"open","ping_status":"closed","template":"","meta":{"_acf_changed":false},"product_brand":[10531],"product_cat":[13948],"product_tag":[],"class_list":{"0":"post-226820","1":"product","2":"type-product","3":"status-publish","4":"has-post-thumbnail","6":"product_brand-projob","7":"product_cat-accesorios","8":"tm-no-options","10":"first","11":"instock","12":"taxable","13":"shipping-taxable","14":"product-type-variable"},"acf":[],"_links":{"self":[{"href":"https:\/\/grupotextil.es\/en\/wp-json\/wp\/v2\/product\/226820","targetHints":{"allow":["GET"]}}],"collection":[{"href":"https:\/\/grupotextil.es\/en\/wp-json\/wp\/v2\/product"}],"about":[{"href":"https:\/\/grupotextil.es\/en\/wp-json\/wp\/v2\/types\/product"}],"replies":[{"embeddable":true,"href":"https:\/\/grupotextil.es\/en\/wp-json\/wp\/v2\/comments?post=226820"}],"wp:featuredmedia":[{"embeddable":true,"href":"https:\/\/grupotextil.es\/en\/wp-json\/wp\/v2\/media\/234834"}],"wp:attachment":[{"href":"https:\/\/grupotextil.es\/en\/wp-json\/wp\/v2\/media?parent=226820"}],"wp:term":[{"taxonomy":"product_brand","embeddable":true,"href":"https:\/\/grupotextil.es\/en\/wp-json\/wp\/v2\/product_brand?post=226820"},{"taxonomy":"product_cat","embeddable":true,"href":"https:\/\/grupotextil.es\/en\/wp-json\/wp\/v2\/product_cat?post=226820"},{"taxonomy":"product_tag","embeddable":true,"href":"https:\/\/grupotextil.es\/en\/wp-json\/wp\/v2\/product_tag?post=226820"}],"curies":[{"name":"wp","href":"https:\/\/api.w.org\/{rel}","templated":true}]}}

9057 PROTECCIÓN PARA RODILLAS

<p>Protector de rodilla ergonómico conforme en EVA Foam, Única</p>
<p><strong>Composición:</strong> 100% EVA, Ethylen Vinyl Acetat | <strong>Tallas:</strong> UD</p>

<p>Protector de rodilla ergonómico conforme en EVA Foam, Única</p>
