{"id":227166,"date":"2026-03-04T06:32:02","date_gmt":"2026-03-04T05:32:02","guid":{"rendered":"https:\/\/grupotextil.es\/producto\/prestige-trolley\/"},"modified":"2026-04-26T04:05:34","modified_gmt":"2026-04-26T02:05:34","slug":"prestige-trolley","status":"publish","type":"product","link":"https:\/\/grupotextil.es\/en\/product\/prestige-trolley\/","title":{"rendered":"Prestige Trolley"},"content":{"rendered":"<p>Maleta perfecta para tus viajes seg\u00fan la IATA.<\/p>\n<p>La trolley contiene un gran compartimento con cremallera SBS y cinta para impedir que tus cosas vayan de un lado a otro cuando te mueves. Gran bolsillo con cremallera en el interior. Bolsillo generoso en el exterior con cremallera SBS para un f\u00e1cil acceso. Las asas pueden esconderse en el compartimento con cremallera para una mejor protecci\u00f3n. Costados y fondo con revestimiento PU para una mayor durabilidad. Peso 1,8 kg dimensiones y vol\u00famen incluyendo asa y ruedas 35x54x19cm &#8211; 32L<\/p>\n<p><strong>Composici\u00f3n:<\/strong> 300D Poli\u00e9ster\/TPE backing &#8211; Revestimiento PU      Relleno: 100% Poli\u00e9ster. Cremallera SBS. Accesorios; Metal en negro | <strong>Tallas:<\/strong> UD<\/p>","protected":false},"excerpt":{"rendered":"<p>Maleta perfecta para tus viajes seg\u00fan la IATA.<\/p>","protected":false},"featured_media":235020,"comment_status":"open","ping_status":"closed","template":"","meta":{"_acf_changed":false},"product_brand":[10446],"product_cat":[15146],"product_tag":[],"class_list":{"0":"post-227166","1":"product","2":"type-product","3":"status-publish","4":"has-post-thumbnail","6":"product_brand-clique","7":"product_cat-bolsas","8":"tm-no-options","10":"first","11":"instock","12":"taxable","13":"shipping-taxable","14":"product-type-variable"},"acf":[],"_links":{"self":[{"href":"https:\/\/grupotextil.es\/en\/wp-json\/wp\/v2\/product\/227166","targetHints":{"allow":["GET"]}}],"collection":[{"href":"https:\/\/grupotextil.es\/en\/wp-json\/wp\/v2\/product"}],"about":[{"href":"https:\/\/grupotextil.es\/en\/wp-json\/wp\/v2\/types\/product"}],"replies":[{"embeddable":true,"href":"https:\/\/grupotextil.es\/en\/wp-json\/wp\/v2\/comments?post=227166"}],"wp:featuredmedia":[{"embeddable":true,"href":"https:\/\/grupotextil.es\/en\/wp-json\/wp\/v2\/media\/235020"}],"wp:attachment":[{"href":"https:\/\/grupotextil.es\/en\/wp-json\/wp\/v2\/media?parent=227166"}],"wp:term":[{"taxonomy":"product_brand","embeddable":true,"href":"https:\/\/grupotextil.es\/en\/wp-json\/wp\/v2\/product_brand?post=227166"},{"taxonomy":"product_cat","embeddable":true,"href":"https:\/\/grupotextil.es\/en\/wp-json\/wp\/v2\/product_cat?post=227166"},{"taxonomy":"product_tag","embeddable":true,"href":"https:\/\/grupotextil.es\/en\/wp-json\/wp\/v2\/product_tag?post=227166"}],"curies":[{"name":"wp","href":"https:\/\/api.w.org\/{rel}","templated":true}]}}

<p>Maleta perfecta para tus viajes según la IATA.</p>
<p>La trolley contiene un gran compartimento con cremallera SBS y cinta para impedir que tus cosas vayan de un lado a otro cuando te mueves. Gran bolsillo con cremallera en el interior. Bolsillo generoso en el exterior con cremallera SBS para un fácil acceso. Las asas pueden esconderse en el compartimento con cremallera para una mejor protección. Costados y fondo con revestimiento PU para una mayor durabilidad. Peso 1,8 kg dimensiones y volúmen incluyendo asa y ruedas 35x54x19cm &#8211; 32L</p>
<p><strong>Composición:</strong> 300D Poliéster/TPE backing &#8211; Revestimiento PU      Relleno: 100% Poliéster. Cremallera SBS. Accesorios; Metal en negro | <strong>Tallas:</strong> UD</p>

<p>Maleta perfecta para tus viajes según la IATA.</p>
